CRAN Package Check Results for Package MSPRT

Last updated on 2020-12-02 09:51:18 CET.

Flavor Version Tinstall Tcheck Ttotal Status Flags
r-devel-linux-x86_64-debian-clang 3.0 44.31 143.84 188.15 OK
r-devel-linux-x86_64-debian-gcc 3.0 25.12 105.89 131.01 OK
r-devel-linux-x86_64-fedora-clang 3.0 219.75 NOTE
r-devel-linux-x86_64-fedora-gcc 3.0 228.63 NOTE
r-devel-windows-ix86+x86_64 3.0 54.00 153.00 207.00 OK
r-patched-linux-x86_64 3.0 27.59 132.14 159.73 OK
r-patched-solaris-x86 3.0 227.40 NOTE
r-release-linux-x86_64 3.0 23.32 128.62 151.94 OK
r-release-macos-x86_64 3.0 NOTE
r-release-windows-ix86+x86_64 3.0 33.00 111.00 144.00 OK
r-oldrel-macos-x86_64 3.0 NOTE
r-oldrel-windows-ix86+x86_64 3.0 51.00 145.00 196.00 OK

Check Details

Version: 3.0
Check: dependencies in R code
Result: NOTE
    Namespaces in Imports field not imported from:
     ‘datasets’ ‘grDevices’ ‘graphics’ ‘iterators’ ‘methods’
     All declared Imports should be used.
Flavors: r-devel-linux-x86_64-fedora-clang, r-devel-linux-x86_64-fedora-gcc, r-patched-solaris-x86, r-release-macos-x86_64, r-oldrel-macos-x86_64