CRAN Package Check Results for Package MSclassifR

Last updated on 2022-08-15 13:52:04 CEST.

Flavor Version Tinstall Tcheck Ttotal Status Flags
r-devel-linux-x86_64-debian-clang 0.2.0 25.16 200.92 226.08 OK
r-devel-linux-x86_64-debian-gcc 0.3.0 25.13 203.80 228.93 OK
r-devel-linux-x86_64-fedora-clang 0.3.0 385.92 OK
r-devel-linux-x86_64-fedora-gcc 0.3.0 383.86 OK
r-devel-windows-x86_64 0.3.0 31.00 264.00 295.00 OK
r-patched-linux-x86_64 0.2.0 20.56 193.29 213.85 OK
r-release-linux-x86_64 0.3.0 25.51 256.31 281.82 OK
r-release-macos-arm64 0.3.0 74.00 OK
r-release-macos-x86_64 0.3.0 132.00 OK
r-release-windows-x86_64 0.3.0 48.00 309.00 357.00 OK
r-oldrel-macos-arm64 0.3.0 71.00 OK
r-oldrel-macos-x86_64 0.3.0 127.00 OK
r-oldrel-windows-ix86+x86_64 0.3.0 11.00 18.00 29.00 ERROR

Check Details

Version: 0.3.0
Check: whether package can be installed
Result: ERROR
    Installation failed.
Flavor: r-oldrel-windows-ix86+x86_64