CRAN Package Check Results for Package MWright

Last updated on 2022-08-16 10:59:03 CEST.

Flavor Version Tinstall Tcheck Ttotal Status Flags
r-devel-linux-x86_64-debian-clang 0.3.2 2.28 30.34 32.62 NOTE
r-devel-linux-x86_64-debian-gcc 0.3.2 2.14 24.08 26.22 NOTE
r-devel-linux-x86_64-fedora-clang 0.3.2 55.43 NOTE
r-devel-linux-x86_64-fedora-gcc 0.3.2 52.60 NOTE
r-devel-windows-x86_64 0.3.2 16.00 54.00 70.00 NOTE
r-patched-linux-x86_64 0.3.2 2.51 30.15 32.66 NOTE
r-release-linux-x86_64 0.3.2 3.32 29.96 33.28 NOTE
r-release-macos-arm64 0.3.2 15.00 NOTE
r-release-macos-x86_64 0.3.2 25.00 NOTE
r-release-windows-x86_64 0.3.2 14.00 57.00 71.00 NOTE
r-oldrel-macos-arm64 0.3.2 18.00 NOTE
r-oldrel-macos-x86_64 0.3.2 34.00 NOTE
r-oldrel-windows-ix86+x86_64 0.3.2 8.00 55.00 63.00 NOTE

Check Details

Version: 0.3.2
Check: LazyData
Result: NOTE
     'LazyData' is specified without a 'data' directory
Flavors: r-devel-linux-x86_64-debian-clang, r-devel-linux-x86_64-debian-gcc, r-devel-linux-x86_64-fedora-clang, r-devel-linux-x86_64-fedora-gcc, r-devel-windows-x86_64, r-patched-linux-x86_64, r-release-linux-x86_64, r-release-macos-arm64, r-release-macos-x86_64, r-release-windows-x86_64, r-oldrel-macos-arm64, r-oldrel-macos-x86_64, r-oldrel-windows-ix86+x86_64