Last updated on 2023-09-25 19:03:56 CEST.
Flavor | Version | Tinstall | Tcheck | Ttotal | Status | Flags |
---|---|---|---|---|---|---|
r-devel-linux-x86_64-debian-clang | 1.5.5 | 86.25 | 609.83 | 696.08 | OK | |
r-devel-linux-x86_64-debian-gcc | 1.5.5 | 77.92 | 447.66 | 525.58 | OK | |
r-devel-linux-x86_64-fedora-clang | 1.5.5 | 852.27 | NOTE | |||
r-devel-linux-x86_64-fedora-gcc | 1.5.5 | 895.11 | NOTE | |||
r-devel-windows-x86_64 | 1.5.5 | 72.00 | 483.00 | 555.00 | OK | |
r-patched-linux-x86_64 | 1.5.5 | 75.27 | 589.92 | 665.19 | OK | |
r-release-linux-x86_64 | 1.5.5 | 62.97 | 584.72 | 647.69 | OK | |
r-release-macos-arm64 | 1.5.5 | 208.00 | OK | |||
r-release-macos-x86_64 | 1.5.5 | 363.00 | OK | |||
r-release-windows-x86_64 | 1.5.5 | 102.00 | 590.00 | 692.00 | OK | |
r-oldrel-macos-arm64 | 1.5.5 | 137.00 | NOTE | |||
r-oldrel-macos-x86_64 | 1.5.5 | 245.00 | NOTE | |||
r-oldrel-windows-x86_64 | 1.5.5 | 106.00 | 585.00 | 691.00 | OK |
Version: 1.5.5
Check: dependencies in R code
Result: NOTE
Namespace in Imports field not imported from: ‘knitr’
All declared Imports should be used.
Flavors: r-devel-linux-x86_64-fedora-clang, r-devel-linux-x86_64-fedora-gcc, r-oldrel-macos-arm64, r-oldrel-macos-x86_64