CRAN Package Check Results for Package MaOEA

Last updated on 2021-10-28 11:51:32 CEST.

Flavor Version Tinstall Tcheck Ttotal Status Flags
r-devel-linux-x86_64-debian-clang 0.6.2 11.44 75.89 87.33 NOTE
r-devel-linux-x86_64-debian-gcc 0.6.2 8.57 59.25 67.82 NOTE
r-devel-linux-x86_64-fedora-clang 0.6.2 120.46 NOTE
r-devel-linux-x86_64-fedora-gcc 0.6.2 111.80 NOTE
r-devel-windows-x86_64 0.6.2 17.00 109.00 126.00 NOTE
r-devel-windows-x86_64-gcc10-UCRT 0.6.2 NOTE
r-patched-linux-x86_64 0.6.2 11.63 74.96 86.59 NOTE
r-patched-solaris-x86 0.6.2 153.50 NOTE
r-release-linux-x86_64 0.6.2 9.93 73.47 83.40 NOTE
r-release-macos-arm64 0.6.2 NOTE
r-release-macos-x86_64 0.6.2 NOTE
r-release-windows-ix86+x86_64 0.6.2 15.00 104.00 119.00 NOTE
r-oldrel-macos-x86_64 0.6.2 OK
r-oldrel-windows-ix86+x86_64 0.6.2 17.00 103.00 120.00 OK

Check Details

Version: 0.6.2
Check: LazyData
Result: NOTE
     'LazyData' is specified without a 'data' directory
Flavors: r-devel-linux-x86_64-debian-clang, r-devel-linux-x86_64-debian-gcc, r-devel-linux-x86_64-fedora-clang, r-devel-linux-x86_64-fedora-gcc, r-devel-windows-x86_64, r-devel-windows-x86_64-gcc10-UCRT, r-patched-linux-x86_64, r-patched-solaris-x86, r-release-linux-x86_64, r-release-macos-arm64, r-release-macos-x86_64, r-release-windows-ix86+x86_64