CRAN Package Check Results for Package MetaCycle

Last updated on 2020-12-02 09:51:17 CET.

Flavor Version Tinstall Tcheck Ttotal Status Flags
r-devel-linux-x86_64-debian-clang 1.2.0 12.65 90.34 102.99 NOTE
r-devel-linux-x86_64-debian-gcc 1.2.0 8.86 68.93 77.79 NOTE
r-devel-linux-x86_64-fedora-clang 1.2.0 125.62 NOTE
r-devel-linux-x86_64-fedora-gcc 1.2.0 131.82 NOTE
r-devel-windows-ix86+x86_64 1.2.0 20.00 110.00 130.00 OK
r-patched-linux-x86_64 1.2.0 9.62 84.26 93.88 NOTE
r-patched-solaris-x86 1.2.0 156.70 NOTE
r-release-linux-x86_64 1.2.0 10.38 85.23 95.61 NOTE
r-release-macos-x86_64 1.2.0 OK
r-release-windows-ix86+x86_64 1.2.0 21.00 72.00 93.00 OK
r-oldrel-macos-x86_64 1.2.0 OK
r-oldrel-windows-ix86+x86_64 1.2.0 15.00 105.00 120.00 OK

Check Details

Version: 1.2.0
Check: for non-standard things in the check directory
Result: NOTE
    Found the following files/directories:
     'cycHumanBloodData.csv' 'cycHumanBloodDesign.csv'
     'cycMouseLiverProtein.txt' 'cycMouseLiverRNA.csv' 'cycSimu4h2d.csv'
     'cycYeastCycle.csv' 'example'
Flavors: r-devel-linux-x86_64-debian-clang, r-devel-linux-x86_64-debian-gcc, r-devel-linux-x86_64-fedora-clang, r-devel-linux-x86_64-fedora-gcc, r-patched-linux-x86_64, r-patched-solaris-x86, r-release-linux-x86_64