CRAN Package Check Results for Package MetaLandSim

Last updated on 2020-02-27 21:50:38 CET.

Flavor Version Tinstall Tcheck Ttotal Status Flags
r-devel-linux-x86_64-debian-clang 1.0.6 31.72 289.93 321.65 OK
r-devel-linux-x86_64-debian-gcc 1.0.6 25.81 220.90 246.71 OK
r-devel-linux-x86_64-fedora-clang 1.0.6 407.23 WARN
r-devel-linux-x86_64-fedora-gcc 1.0.6 396.72 WARN
r-devel-windows-ix86+x86_64 1.0.6 47.00 315.00 362.00 OK
r-devel-windows-ix86+x86_64-gcc8 1.0.6 47.00 337.00 384.00 OK
r-patched-linux-x86_64 1.0.6 30.42 259.32 289.74 OK
r-patched-solaris-x86 1.0.6 550.60 NOTE
r-release-linux-x86_64 1.0.6 28.97 263.77 292.74 OK
r-release-windows-ix86+x86_64 1.0.6 43.00 267.00 310.00 OK
r-release-osx-x86_64 1.0.6 NOTE
r-oldrel-windows-ix86+x86_64 1.0.6 28.00 229.00 257.00 OK
r-oldrel-osx-x86_64 1.0.6 NOTE

Check Details

Version: 1.0.6
Check: whether package can be installed
Result: WARN
    Found the following significant warnings:
     Warning: namespace ‘rgdal’ is not available and has been replaced
Flavors: r-devel-linux-x86_64-fedora-clang, r-devel-linux-x86_64-fedora-gcc

Version: 1.0.6
Check: dependencies in R code
Result: NOTE
    Namespace in Imports field not imported from: ‘knitr’
     All declared Imports should be used.
Flavors: r-devel-linux-x86_64-fedora-clang, r-devel-linux-x86_64-fedora-gcc, r-patched-solaris-x86, r-release-osx-x86_64, r-oldrel-osx-x86_64