CRAN Package Check Results for Package MetaUtility

Last updated on 2022-08-13 09:54:28 CEST.

Flavor Version Tinstall Tcheck Ttotal Status Flags
r-devel-linux-x86_64-debian-clang 2.1.2 15.42 120.46 135.88 OK
r-devel-linux-x86_64-debian-gcc 2.1.2 11.00 88.85 99.85 OK
r-devel-linux-x86_64-fedora-clang 2.1.2 172.55 NOTE
r-devel-linux-x86_64-fedora-gcc 2.1.2 168.79 NOTE
r-devel-windows-x86_64 2.1.2 47.00 131.00 178.00 OK
r-patched-linux-x86_64 2.1.2 13.56 113.63 127.19 OK
r-release-linux-x86_64 2.1.2 15.55 115.15 130.70 OK
r-release-macos-arm64 2.1.2 40.00 NOTE
r-release-macos-x86_64 2.1.2 83.00 NOTE
r-release-windows-x86_64 2.1.2 38.00 136.00 174.00 OK
r-oldrel-macos-arm64 2.1.2 41.00 NOTE
r-oldrel-macos-x86_64 2.1.2 61.00 NOTE
r-oldrel-windows-ix86+x86_64 2.1.2 31.00 139.00 170.00 OK

Check Details

Version: 2.1.2
Check: dependencies in R code
Result: NOTE
    Namespace in Imports field not imported from: ‘metadat’
     All declared Imports should be used.
Flavors: r-devel-linux-x86_64-fedora-clang, r-devel-linux-x86_64-fedora-gcc, r-release-macos-arm64, r-release-macos-x86_64, r-oldrel-macos-arm64, r-oldrel-macos-x86_64