CRAN Package Check Results for Package MicroSEC

Last updated on 2022-01-19 04:48:29 CET.

Flavor Version Tinstall Tcheck Ttotal Status Flags
r-devel-linux-x86_64-debian-clang 1.1.3 22.00 359.72 381.72 OK
r-devel-linux-x86_64-debian-gcc 1.1.3 19.14 284.60 303.74 OK
r-devel-linux-x86_64-fedora-clang 1.1.3 461.83 NOTE
r-devel-linux-x86_64-fedora-gcc 1.1.3 462.46 NOTE
r-devel-windows-x86_64-new-UL 1.1.3 69.00 614.00 683.00 OK
r-devel-windows-x86_64-new-TK 1.1.3 NOTE
r-patched-linux-x86_64 1.1.3 20.43 336.03 356.46 OK
r-release-linux-x86_64 1.1.3 OK
r-release-macos-arm64 1.1.3 NOTE
r-release-macos-x86_64 1.1.3 ERROR
r-release-windows-ix86+x86_64 1.1.3 46.00 508.00 554.00 OK
r-oldrel-macos-x86_64 1.1.3 NOTE
r-oldrel-windows-ix86+x86_64 1.1.3 46.00 516.00 562.00 OK

Check Details

Version: 1.1.3
Check: dependencies in R code
Result: NOTE
    Namespaces in Imports field not imported from:
     ‘GenomicAlignments’ ‘R.utils’ ‘data.table’ ‘magrittr’ ‘tidyr’
     All declared Imports should be used.
Flavors: r-devel-linux-x86_64-fedora-clang, r-devel-linux-x86_64-fedora-gcc, r-devel-windows-x86_64-new-TK, r-release-macos-arm64, r-release-macos-x86_64, r-oldrel-macos-x86_64

Version: 1.1.3
Check: package dependencies
Result: NOTE
    Package suggested but not available for checking: ‘BSgenome.Mmusculus.UCSC.mm10’
Flavors: r-release-macos-arm64, r-oldrel-macos-x86_64

Version: 1.1.3
Check: package dependencies
Result: NOTE
    Packages suggested but not available for checking:
     'BSgenome.Hsapiens.UCSC.hg38', 'BSgenome.Hsapiens.UCSC.hg19',
     'BSgenome.Mmusculus.UCSC.mm10'
Flavor: r-release-macos-x86_64

Version: 1.1.3
Check: examples
Result: ERROR
    Running examples in ‘MicroSEC-Ex.R’ failed
    The error most likely occurred in:
    
    > ### Name: fun_load_genome
    > ### Title: Genome loading function.
    > ### Aliases: fun_load_genome
    >
    > ### ** Examples
    >
    > fun_load_genome("Human")
    Error: Install BSgenome.Hsapiens.UCSC.hg38 package.
    Execution halted
Flavor: r-release-macos-x86_64

Version: 1.1.3
Check: re-building of vignette outputs
Result: WARN
    Error(s) in re-building vignettes:
     ...
    --- re-building ‘my-vignette.Rmd’ using rmarkdown
    Warning in engine$weave(file, quiet = quiet, encoding = enc) :
     Pandoc (>= 1.12.3) not available. Falling back to R Markdown v1.
    Quitting from lines 118-178 (my-vignette.Rmd)
    Error: processing vignette 'my-vignette.Rmd' failed with diagnostics:
    Install BSgenome.Hsapiens.UCSC.hg38 package.
    --- failed re-building ‘my-vignette.Rmd’
    
    SUMMARY: processing the following file failed:
     ‘my-vignette.Rmd’
    
    Error: Vignette re-building failed.
    Execution halted
Flavor: r-release-macos-x86_64