CRAN Package Check Results for Package MissingDataGUI

Last updated on 2019-09-17 06:48:30 CEST.

Flavor Version Tinstall Tcheck Ttotal Status Flags
r-devel-linux-x86_64-debian-clang 0.2-5 9.20 79.99 89.19 OK
r-devel-linux-x86_64-debian-gcc 0.2-5 OK
r-devel-linux-x86_64-fedora-clang 0.2-5 108.21 OK
r-devel-linux-x86_64-fedora-gcc 0.2-5 108.46 OK
r-devel-windows-ix86+x86_64 0.2-5 148.00 8.00 156.00 ERROR
r-patched-linux-x86_64 0.2-5 9.23 77.55 86.78 OK
r-patched-solaris-x86 0.2-5 181.60 OK
r-release-linux-x86_64 0.2-5 8.02 78.24 86.26 OK
r-release-windows-ix86+x86_64 0.2-5 19.00 111.00 130.00 OK
r-release-osx-x86_64 0.2-5 OK
r-oldrel-windows-ix86+x86_64 0.2-5 20.00 122.00 142.00 OK
r-oldrel-osx-x86_64 0.2-5 OK

Check Details

Version: 0.2-5
Check: whether package can be installed
Result: ERROR
    Installation failed.
Flavor: r-devel-windows-ix86+x86_64