CRAN Package Check Results for Package MixGHD

Last updated on 2020-02-19 21:46:40 CET.

Flavor Version Tinstall Tcheck Ttotal Status Flags
r-devel-linux-x86_64-debian-clang 2.3.3 21.51 114.70 136.21 NOTE
r-devel-linux-x86_64-debian-gcc 2.3.3 16.34 81.71 98.05 NOTE
r-devel-linux-x86_64-fedora-clang 2.3.3 163.15 NOTE
r-devel-linux-x86_64-fedora-gcc 2.3.3 158.14 NOTE
r-devel-windows-ix86+x86_64 2.3.3 36.00 174.00 210.00 NOTE
r-devel-windows-ix86+x86_64-gcc8 2.3.3 55.00 239.00 294.00 NOTE
r-patched-linux-x86_64 2.3.3 16.33 98.51 114.84 NOTE
r-patched-solaris-x86 2.3.3 195.80 NOTE
r-release-linux-x86_64 2.3.3 18.32 97.98 116.30 NOTE
r-release-windows-ix86+x86_64 2.3.3 38.00 167.00 205.00 NOTE
r-release-osx-x86_64 2.3.3 NOTE
r-oldrel-windows-ix86+x86_64 2.3.3 32.00 165.00 197.00 NOTE
r-oldrel-osx-x86_64 2.3.3 NOTE

Check Details

Version: 2.3.3
Check: for GNU extensions in Makefiles
Result: NOTE
    GNU make is a SystemRequirements.
Flavors: r-devel-linux-x86_64-debian-clang, r-devel-linux-x86_64-debian-gcc, r-devel-linux-x86_64-fedora-clang, r-devel-linux-x86_64-fedora-gcc, r-devel-windows-ix86+x86_64, r-devel-windows-ix86+x86_64-gcc8, r-patched-linux-x86_64, r-patched-solaris-x86, r-release-linux-x86_64, r-release-windows-ix86+x86_64, r-release-osx-x86_64, r-oldrel-windows-ix86+x86_64, r-oldrel-osx-x86_64