CRAN Package Check Results for Package MixGHD

Last updated on 2019-09-23 14:47:27 CEST.

Flavor Version Tinstall Tcheck Ttotal Status Flags
r-devel-linux-x86_64-debian-clang 2.3.3 19.61 102.80 122.41 NOTE
r-devel-linux-x86_64-debian-gcc 2.3.3 15.68 75.46 91.14 NOTE
r-devel-linux-x86_64-fedora-clang 2.3.3 150.28 NOTE
r-devel-linux-x86_64-fedora-gcc 2.3.3 146.52 NOTE
r-devel-windows-ix86+x86_64 2.3.3 48.00 216.00 264.00 NOTE
r-patched-linux-x86_64 2.3.3 20.18 101.09 121.27 NOTE
r-patched-solaris-x86 2.3.3 192.40 NOTE
r-release-linux-x86_64 2.3.3 16.40 100.55 116.95 NOTE
r-release-windows-ix86+x86_64 2.3.3 53.00 224.00 277.00 NOTE
r-release-osx-x86_64 2.3.3 NOTE
r-oldrel-windows-ix86+x86_64 2.3.3 40.00 168.00 208.00 NOTE
r-oldrel-osx-x86_64 2.3.3 NOTE

Check Details

Version: 2.3.3
Check: for GNU extensions in Makefiles
Result: NOTE
    GNU make is a SystemRequirements.
Flavors: r-devel-linux-x86_64-debian-clang, r-devel-linux-x86_64-debian-gcc, r-devel-linux-x86_64-fedora-clang, r-devel-linux-x86_64-fedora-gcc, r-devel-windows-ix86+x86_64, r-patched-linux-x86_64, r-patched-solaris-x86, r-release-linux-x86_64, r-release-windows-ix86+x86_64, r-release-osx-x86_64, r-oldrel-windows-ix86+x86_64, r-oldrel-osx-x86_64