CRAN Package Check Results for Package MixOptim

Last updated on 2021-08-02 09:54:12 CEST.

Flavor Version Tinstall Tcheck Ttotal Status Flags
r-devel-linux-x86_64-debian-clang 0.1.2 4.88 229.74 234.62 NOTE
r-devel-linux-x86_64-debian-gcc 0.1.2 3.72 161.82 165.54 NOTE
r-devel-linux-x86_64-fedora-clang 0.1.2 259.94 NOTE
r-devel-linux-x86_64-fedora-gcc 0.1.2 258.42 NOTE
r-devel-windows-x86_64 0.1.2 7.00 270.00 277.00 NOTE
r-devel-windows-x86_64-gcc10-UCRT 0.1.2 NOTE
r-patched-linux-x86_64 0.1.2 NOTE
r-patched-solaris-x86 0.1.2 323.10 NOTE
r-release-linux-x86_64 0.1.2 4.47 205.15 209.62 NOTE
r-release-macos-arm64 0.1.2 WARN
r-release-macos-x86_64 0.1.2 NOTE
r-release-windows-ix86+x86_64 0.1.2 13.00 262.00 275.00 NOTE
r-oldrel-macos-x86_64 0.1.2 NOTE
r-oldrel-windows-ix86+x86_64 0.1.2 10.00 269.00 279.00 OK

Check Details

Version: 0.1.2
Check: LazyData
Result: NOTE
     'LazyData' is specified without a 'data' directory
Flavors: r-devel-linux-x86_64-debian-clang, r-devel-linux-x86_64-debian-gcc, r-devel-linux-x86_64-fedora-clang, r-devel-linux-x86_64-fedora-gcc, r-devel-windows-x86_64, r-devel-windows-x86_64-gcc10-UCRT, r-patched-linux-x86_64, r-patched-solaris-x86, r-release-linux-x86_64, r-release-macos-arm64, r-release-macos-x86_64, r-release-windows-ix86+x86_64

Version: 0.1.2
Check: dependencies in R code
Result: NOTE
    Namespace in Imports field not imported from: ‘rlang’
     All declared Imports should be used.
Flavors: r-devel-linux-x86_64-fedora-clang, r-devel-linux-x86_64-fedora-gcc, r-devel-windows-x86_64-gcc10-UCRT, r-patched-solaris-x86, r-release-macos-arm64, r-release-macos-x86_64, r-oldrel-macos-x86_64

Version: 0.1.2
Check: re-building of vignette outputs
Result: WARN
    Error(s) in re-building vignettes:
     ...
    --- re-building ‘basic.Rmd’ using rmarkdown
    Warning in engine$weave(file, quiet = quiet, encoding = enc) :
     Pandoc (>= 1.12.3) not available. Falling back to R Markdown v1.
    Quitting from lines 29-40 (basic.Rmd)
    Error: processing vignette 'basic.Rmd' failed with diagnostics:
    polygon edge not found
    --- failed re-building ‘basic.Rmd’
    
    SUMMARY: processing the following file failed:
     ‘basic.Rmd’
    
    Error: Vignette re-building failed.
    Execution halted
Flavor: r-release-macos-arm64