Last updated on 2022-06-28 10:49:12 CEST.
Flavor | Version | Tinstall | Tcheck | Ttotal | Status | Flags |
---|---|---|---|---|---|---|
r-devel-linux-x86_64-debian-clang | 1.6.64 | 53.08 | 162.92 | 216.00 | NOTE | |
r-devel-linux-x86_64-debian-gcc | 1.6.64 | 46.47 | 117.51 | 163.98 | NOTE | |
r-devel-linux-x86_64-fedora-clang | 1.6.64 | 279.54 | NOTE | |||
r-devel-linux-x86_64-fedora-gcc | 1.6.64 | 276.26 | NOTE | |||
r-devel-windows-x86_64 | 1.6.64 | 93.00 | 176.00 | 269.00 | NOTE | |
r-patched-linux-x86_64 | 1.6.64 | 52.43 | 156.63 | 209.06 | NOTE | |
r-release-linux-x86_64 | 1.6.64 | 52.84 | 153.52 | 206.36 | NOTE | |
r-release-macos-arm64 | 1.6.64 | 60.00 | NOTE | |||
r-release-macos-x86_64 | 1.6.64 | 86.00 | NOTE | |||
r-release-windows-x86_64 | 1.6.64 | 97.00 | 171.00 | 268.00 | NOTE | |
r-oldrel-macos-arm64 | 1.6.64 | 74.00 | NOTE | |||
r-oldrel-macos-x86_64 | 1.6.64 | 95.00 | NOTE | |||
r-oldrel-windows-ix86+x86_64 | 1.6.64 | 84.00 | 188.00 | 272.00 | NOTE |
Version: 1.6.64
Check: package dependencies
Result: NOTE
Package suggested but not available for checking: 'alstructure'
Packages which this enhances but not available for checking:
'miraculix', 'MoBPSmaps'
Flavors: r-devel-linux-x86_64-debian-clang, r-devel-linux-x86_64-debian-gcc, r-devel-linux-x86_64-fedora-clang, r-devel-linux-x86_64-fedora-gcc, r-devel-windows-x86_64, r-patched-linux-x86_64, r-release-linux-x86_64, r-release-windows-x86_64
Version: 1.6.64
Check: package dependencies
Result: NOTE
Packages suggested but not available for checking:
'doMPI', 'biomaRt', 'alstructure'
Package which this enhances but not available for checking: ‘MoBPSmaps’
Flavor: r-release-macos-arm64
Version: 1.6.64
Check: package dependencies
Result: NOTE
Packages suggested but not available for checking: 'doMPI', 'alstructure'
Packages which this enhances but not available for checking:
'miraculix', 'MoBPSmaps'
Flavor: r-release-macos-x86_64
Version: 1.6.64
Check: package dependencies
Result: NOTE
Packages suggested but not available for checking: 'doMPI', 'alstructure'
Package which this enhances but not available for checking: ‘MoBPSmaps’
Flavors: r-oldrel-macos-arm64, r-oldrel-macos-x86_64
Version: 1.6.64
Check: package dependencies
Result: NOTE
Package suggested but not available for checking: 'alstructure'
Package which this enhances but not available for checking: 'MoBPSmaps'
Flavor: r-oldrel-windows-ix86+x86_64