Last updated on 2023-06-10 15:56:26 CEST.
Flavor | Version | Tinstall | Tcheck | Ttotal | Status | Flags |
---|---|---|---|---|---|---|
r-devel-linux-x86_64-debian-clang | 1.6.64 | 59.33 | 170.97 | 230.30 | NOTE | |
r-devel-linux-x86_64-debian-gcc | 1.6.64 | 50.72 | 125.14 | 175.86 | NOTE | |
r-devel-linux-x86_64-fedora-clang | 1.6.64 | 295.80 | NOTE | |||
r-devel-linux-x86_64-fedora-gcc | 1.6.64 | 279.35 | NOTE | |||
r-devel-windows-x86_64 | 1.6.64 | 41.00 | 144.00 | 185.00 | NOTE | |
r-patched-linux-x86_64 | 1.6.64 | 55.63 | 163.44 | 219.07 | NOTE | |
r-release-linux-x86_64 | 1.6.64 | 53.72 | 164.87 | 218.59 | NOTE | |
r-release-macos-arm64 | 1.6.64 | 71.00 | NOTE | |||
r-release-macos-x86_64 | 1.6.64 | 135.00 | NOTE | |||
r-release-windows-x86_64 | 1.6.64 | 44.00 | 169.00 | 213.00 | NOTE | |
r-oldrel-macos-arm64 | 1.6.64 | 66.00 | NOTE | |||
r-oldrel-macos-x86_64 | 1.6.64 | 86.00 | NOTE | |||
r-oldrel-windows-x86_64 | 1.6.64 | 64.00 | 149.00 | 213.00 | NOTE |
Version: 1.6.64
Check: package dependencies
Result: NOTE
Package suggested but not available for checking: ‘alstructure’
Packages which this enhances but not available for checking:
'miraculix', 'RandomFieldsUtils', 'MoBPSmaps'
Flavors: r-devel-linux-x86_64-debian-clang, r-devel-linux-x86_64-debian-gcc, r-devel-linux-x86_64-fedora-clang, r-devel-linux-x86_64-fedora-gcc, r-devel-windows-x86_64, r-patched-linux-x86_64, r-release-linux-x86_64
Version: 1.6.64
Check: package dependencies
Result: NOTE
Packages suggested but not available for checking: 'doMPI', 'alstructure'
Packages which this enhances but not available for checking:
'miraculix', 'RandomFieldsUtils', 'MoBPSmaps'
Flavors: r-release-macos-arm64, r-release-macos-x86_64
Version: 1.6.64
Check: package dependencies
Result: NOTE
Package suggested but not available for checking: 'alstructure'
Packages which this enhances but not available for checking:
'miraculix', 'MoBPSmaps'
Flavors: r-release-windows-x86_64, r-oldrel-windows-x86_64
Version: 1.6.64
Check: package dependencies
Result: NOTE
Packages suggested but not available for checking: 'doMPI', 'alstructure'
Package which this enhances but not available for checking: ‘MoBPSmaps’
Flavor: r-oldrel-macos-arm64
Version: 1.6.64
Check: package dependencies
Result: NOTE
Packages suggested but not available for checking: 'doMPI', 'alstructure'
Packages which this enhances but not available for checking:
'miraculix', 'MoBPSmaps'
Flavor: r-oldrel-macos-x86_64