CRAN Package Check Results for Package ModelMap

Last updated on 2021-10-28 11:51:33 CEST.

Flavor Version Tinstall Tcheck Ttotal Status Flags
r-devel-linux-x86_64-debian-clang 3.4.0.1 38.48 679.27 717.75 NOTE
r-devel-linux-x86_64-debian-gcc 3.4.0.1 30.53 537.76 568.29 NOTE
r-devel-linux-x86_64-fedora-clang 3.4.0.1 908.37 NOTE
r-devel-linux-x86_64-fedora-gcc 3.4.0.1 872.37 NOTE
r-devel-windows-x86_64 3.4.0.1 56.00 780.00 836.00 OK
r-devel-windows-x86_64-gcc10-UCRT 3.4.0.1 OK
r-patched-linux-x86_64 3.4.0.1 41.21 673.96 715.17 NOTE
r-patched-solaris-x86 3.4.0.1 1113.00 NOTE
r-release-linux-x86_64 3.4.0.1 32.36 669.91 702.27 NOTE
r-release-macos-arm64 3.4.0.1 OK
r-release-macos-x86_64 3.4.0.1 OK
r-release-windows-ix86+x86_64 3.4.0.1 57.00 813.00 870.00 OK
r-oldrel-macos-x86_64 3.4.0.1 OK
r-oldrel-windows-ix86+x86_64 3.4.0.1 60.00 801.00 861.00 OK

Check Details

Version: 3.4.0.1
Check: for non-standard things in the check directory
Result: NOTE
    Found the following files/directories:
     'BIO_TCandNLCD_NLCD.jpg' 'BIO_TCandNLCD_TCB.jpg'
     'BIO_TCandNLCD_TCG.jpg' 'BIO_TCandNLCD_TCW.jpg'
     'BIO_TCandNLCD_corrplot.jpg' 'BIO_TCandNLCD_mask_all_predictors.jpg'
     'BIO_TCandNLCD_projections.txt' 'RF_BIO_TCandNLCD_01.img'
     'RF_BIO_TCandNLCD_01.img.aux.xml'
     'RF_BIO_TCandNLCD_01_mapmake_arguments.txt'
     'RF_BIO_TCandNLCD_01_projections.txt' 'RF_BIO_TCandNLCD_OOB.csv'
     'RF_BIO_TCandNLCD_OOB_corrplot.jpg'
     'RF_BIO_TCandNLCD_OOB_corrplot.pdf' 'RF_BIO_TCandNLCD_OOB_error.jpg'
     'RF_BIO_TCandNLCD_OOB_error.pdf'
     'RF_BIO_TCandNLCD_OOB_importance.jpg'
     'RF_BIO_TCandNLCD_OOB_importance.pdf'
     'RF_BIO_TCandNLCD_OOB_scatterplot.jpg'
     'RF_BIO_TCandNLCD_OOB_scatterplot.pdf'
     'RF_BIO_TCandNLCD_model_building_arguments.txt'
     'RF_Bio_TC_model_building_arguments.txt' 'example.test.csv'
     'example.train.csv'
Flavors: r-devel-linux-x86_64-debian-clang, r-devel-linux-x86_64-debian-gcc, r-devel-linux-x86_64-fedora-clang, r-devel-linux-x86_64-fedora-gcc, r-patched-linux-x86_64, r-patched-solaris-x86, r-release-linux-x86_64