CRAN Package Check Results for Package MolgenisArmadillo

Last updated on 2021-05-14 16:47:36 CEST.

Flavor Version Tinstall Tcheck Ttotal Status Flags
r-devel-linux-x86_64-debian-clang 1.0.1 4.94 50.71 55.65 OK
r-devel-linux-x86_64-debian-gcc 1.0.1 3.82 40.30 44.12 OK
r-devel-linux-x86_64-fedora-clang 1.0.1 73.10 OK
r-devel-linux-x86_64-fedora-gcc 1.0.1 95.59 OK
r-devel-windows-ix86+x86_64 1.0.1 18.00 97.00 115.00 OK
r-devel-windows-x86_64-gcc10-UCRT 1.0.1 ERROR
r-patched-linux-x86_64 1.0.1 8.07 49.15 57.22 OK
r-patched-solaris-x86 1.0.1 96.60 OK
r-release-linux-x86_64 1.0.1 4.82 48.80 53.62 OK
r-release-macos-x86_64 1.0.1 OK
r-release-windows-ix86+x86_64 1.0.1 14.00 77.00 91.00 OK
r-oldrel-macos-x86_64 1.0.1 OK
r-oldrel-windows-ix86+x86_64 1.0.1 15.00 87.00 102.00 OK

Check Details

Version: 1.0.1
Check: package dependencies
Result: ERROR
    Package required but not available: 'arrow'
    
    See section 'The DESCRIPTION file' in the 'Writing R Extensions'
    manual.
Flavor: r-devel-windows-x86_64-gcc10-UCRT