CRAN Package Check Results for Package Morpho

Last updated on 2019-07-22 14:47:39 CEST.

Flavor Version Tinstall Tcheck Ttotal Status Flags
r-devel-linux-x86_64-debian-clang 2.7 211.33 148.53 359.86 NOTE
r-devel-linux-x86_64-debian-gcc 2.7 168.26 118.44 286.70 NOTE
r-devel-linux-x86_64-fedora-clang 2.7 505.18 NOTE
r-devel-linux-x86_64-fedora-gcc 2.7 499.75 NOTE
r-devel-windows-ix86+x86_64 2.7 373.00 350.00 723.00 NOTE
r-patched-linux-x86_64 2.7 207.04 147.45 354.49 OK
r-patched-solaris-x86 2.7 534.10 OK
r-release-linux-x86_64 2.7 197.29 147.38 344.67 OK
r-release-windows-ix86+x86_64 2.7 390.00 242.00 632.00 NOTE
r-release-osx-x86_64 2.7 NOTE
r-oldrel-windows-ix86+x86_64 2.7 491.00 289.00 780.00 NOTE
r-oldrel-osx-x86_64 2.7 NOTE

Check Details

Version: 2.7
Check: for non-standard things in the check directory
Result: NOTE
    Found the following files/directories:
     'cube.ply' 'data.dat' 'dummyhead.lm.fcsv' 'gorf.dat' 'longnose'
     'shortnose' 'shortnose.mesh.obj' 'shortnose.mesh.ply' 'shortnose.pts'
     'warpmovie0000.png' 'warpmovie0001.png' 'warpmovie0002.png'
     'warpmovie0003.png' 'warpmovie0004.png' 'warpmovie0005.png'
     'warpmovie0006.png' 'warpmovie0007.png' 'warpmovie0008.png'
     'warpmovie0009.png' 'warpmovie0010.png' 'warpmovie0011.png'
     'warpmovie0012.png' 'warpmovie0013.png' 'warpmovie0014.png'
     'warpmovie0015.png' 'warpmovie0016.png' 'warpmovie0017.png'
     'warpmovie0018.png' 'warpmovie0019.png' 'warpmovie0020.png'
Flavors: r-devel-linux-x86_64-debian-clang, r-devel-linux-x86_64-debian-gcc, r-devel-linux-x86_64-fedora-clang, r-devel-linux-x86_64-fedora-gcc

Version: 2.7
Check: installed package size
Result: NOTE
     installed size is 11.4Mb
     sub-directories of 1Mb or more:
     data 2.0Mb
     libs 7.8Mb
Flavors: r-devel-linux-x86_64-fedora-clang, r-devel-windows-ix86+x86_64, r-release-windows-ix86+x86_64, r-release-osx-x86_64, r-oldrel-windows-ix86+x86_64, r-oldrel-osx-x86_64