CRAN Package Check Results for Package Morpho

Last updated on 2019-11-17 01:48:14 CET.

Flavor Version Tinstall Tcheck Ttotal Status Flags
r-devel-linux-x86_64-debian-clang 2.7 244.27 154.00 398.27 NOTE
r-devel-linux-x86_64-debian-gcc 2.7 178.90 117.96 296.86 NOTE
r-devel-linux-x86_64-fedora-clang 2.7 580.32 NOTE
r-devel-linux-x86_64-fedora-gcc 2.7 544.20 NOTE
r-devel-windows-ix86+x86_64 2.7 645.00 283.00 928.00 NOTE
r-patched-linux-x86_64 2.7 187.79 147.18 334.97 OK
r-patched-solaris-x86 2.7 497.00 OK
r-release-linux-x86_64 2.7 193.15 146.02 339.17 OK
r-release-windows-ix86+x86_64 2.7 358.00 351.00 709.00 NOTE
r-release-osx-x86_64 2.7 NOTE
r-oldrel-windows-ix86+x86_64 2.7 376.00 311.00 687.00 NOTE
r-oldrel-osx-x86_64 2.7 NOTE

Check Details

Version: 2.7
Check: for non-standard things in the check directory
Result: NOTE
    Found the following files/directories:
     'cube.ply' 'data.dat' 'dummyhead.lm.fcsv' 'gorf.dat' 'longnose'
     'shortnose' 'shortnose.mesh.obj' 'shortnose.mesh.ply' 'shortnose.pts'
     'warpmovie0000.png' 'warpmovie0001.png' 'warpmovie0002.png'
     'warpmovie0003.png' 'warpmovie0004.png' 'warpmovie0005.png'
     'warpmovie0006.png' 'warpmovie0007.png' 'warpmovie0008.png'
     'warpmovie0009.png' 'warpmovie0010.png' 'warpmovie0011.png'
     'warpmovie0012.png' 'warpmovie0013.png' 'warpmovie0014.png'
     'warpmovie0015.png' 'warpmovie0016.png' 'warpmovie0017.png'
     'warpmovie0018.png' 'warpmovie0019.png' 'warpmovie0020.png'
Flavors: r-devel-linux-x86_64-debian-clang, r-devel-linux-x86_64-debian-gcc, r-devel-linux-x86_64-fedora-clang, r-devel-linux-x86_64-fedora-gcc

Version: 2.7
Check: installed package size
Result: NOTE
     installed size is 12.1Mb
     sub-directories of 1Mb or more:
     data 2.0Mb
     libs 8.5Mb
Flavors: r-devel-linux-x86_64-fedora-clang, r-devel-windows-ix86+x86_64, r-release-windows-ix86+x86_64, r-release-osx-x86_64, r-oldrel-windows-ix86+x86_64, r-oldrel-osx-x86_64