Last updated on 2023-03-29 08:53:44 CEST.
Flavor | Version | Tinstall | Tcheck | Ttotal | Status | Flags |
---|---|---|---|---|---|---|
r-devel-linux-x86_64-debian-clang | 2.0.3 | 11.47 | 129.92 | 141.39 | NOTE | |
r-devel-linux-x86_64-debian-gcc | 2.0.3 | 7.60 | 95.71 | 103.31 | NOTE | |
r-devel-linux-x86_64-fedora-clang | 2.0.3 | 171.01 | NOTE | |||
r-devel-linux-x86_64-fedora-gcc | 2.0.3 | 215.55 | NOTE | |||
r-devel-windows-x86_64 | 2.0.3 | 252.00 | 210.00 | 462.00 | OK | |
r-patched-linux-x86_64 | 2.0.3 | 12.05 | 122.39 | 134.44 | NOTE | |
r-release-linux-x86_64 | 2.0.3 | 12.19 | 122.66 | 134.85 | NOTE | |
r-release-macos-arm64 | 2.0.3 | 103.00 | OK | |||
r-release-macos-x86_64 | 2.0.3 | 232.00 | OK | |||
r-release-windows-x86_64 | 2.0.3 | 247.00 | 193.00 | 440.00 | OK | |
r-oldrel-macos-arm64 | 2.0.3 | 158.00 | OK | |||
r-oldrel-macos-x86_64 | 2.0.3 | 201.00 | OK | |||
r-oldrel-windows-ix86+x86_64 | 2.0.3 | 25.00 | 159.00 | 184.00 | OK |
Version: 2.0.3
Check: package dependencies
Result: NOTE
Package which this enhances but not available for checking: ‘MortalityLaws’
Flavors: r-devel-linux-x86_64-debian-clang, r-devel-linux-x86_64-debian-gcc, r-devel-linux-x86_64-fedora-clang, r-devel-linux-x86_64-fedora-gcc, r-patched-linux-x86_64, r-release-linux-x86_64