CRAN Package Check Results for Package MullerPlot

Last updated on 2020-07-09 21:48:34 CEST.

Flavor Version Tinstall Tcheck Ttotal Status Flags
r-devel-linux-x86_64-debian-clang 0.1.2 2.53 28.83 31.36 NOTE
r-devel-linux-x86_64-debian-gcc 0.1.2 2.32 22.08 24.40 NOTE
r-devel-linux-x86_64-fedora-clang 0.1.2 45.89 OK
r-devel-linux-x86_64-fedora-gcc 0.1.2 37.03 OK
r-devel-windows-ix86+x86_64 0.1.2 8.00 37.00 45.00 NOTE
r-patched-linux-x86_64 0.1.2 2.63 28.65 31.28 NOTE
r-patched-solaris-x86 0.1.2 52.40 OK
r-release-linux-x86_64 0.1.2 2.59 28.47 31.06 NOTE
r-release-osx-x86_64 0.1.2 OK
r-release-windows-ix86+x86_64 0.1.2 7.00 54.00 61.00 NOTE
r-oldrel-osx-x86_64 0.1.2 OK
r-oldrel-windows-ix86+x86_64 0.1.2 12.00 39.00 51.00 OK

Check Details

Version: 0.1.2
Check: package vignettes
Result: NOTE
    Package vignette with placeholder title 'Vignette Title':
     'MullerPlot.Rmd'
Flavors: r-devel-linux-x86_64-debian-clang, r-devel-linux-x86_64-debian-gcc, r-devel-windows-ix86+x86_64, r-patched-linux-x86_64, r-release-linux-x86_64, r-release-windows-ix86+x86_64