CRAN Package Check Results for Package MullerPlot

Last updated on 2019-09-24 10:51:26 CEST.

Flavor Version Tinstall Tcheck Ttotal Status Flags
r-devel-linux-x86_64-debian-clang 0.1.2 2.31 26.29 28.60 NOTE
r-devel-linux-x86_64-debian-gcc 0.1.2 2.02 20.62 22.64 NOTE
r-devel-linux-x86_64-fedora-clang 0.1.2 35.47 OK
r-devel-linux-x86_64-fedora-gcc 0.1.2 34.61 OK
r-devel-windows-ix86+x86_64 0.1.2 12.00 50.00 62.00 NOTE
r-patched-linux-x86_64 0.1.2 2.02 25.59 27.61 OK
r-patched-solaris-x86 0.1.2 50.30 OK
r-release-linux-x86_64 0.1.2 1.99 25.92 27.91 OK
r-release-windows-ix86+x86_64 0.1.2 10.00 52.00 62.00 OK
r-release-osx-x86_64 0.1.2 OK
r-oldrel-windows-ix86+x86_64 0.1.2 3.00 38.00 41.00 OK
r-oldrel-osx-x86_64 0.1.2 OK

Check Details

Version: 0.1.2
Check: package vignettes
Result: NOTE
    Package vignette with placeholder title 'Vignette Title':
     'MullerPlot.Rmd'
Flavors: r-devel-linux-x86_64-debian-clang, r-devel-linux-x86_64-debian-gcc, r-devel-windows-ix86+x86_64