CRAN Package Check Results for Package MultIS

Last updated on 2022-06-30 12:55:16 CEST.

Flavor Version Tinstall Tcheck Ttotal Status Flags
r-devel-linux-x86_64-debian-clang 0.6.2 6.57 88.71 95.28 OK
r-devel-linux-x86_64-debian-gcc 0.6.2 4.55 65.42 69.97 OK
r-devel-linux-x86_64-fedora-clang 0.6.2 117.91 NOTE
r-devel-linux-x86_64-fedora-gcc 0.6.2 131.06 NOTE
r-devel-windows-x86_64 0.6.2 33.00 126.00 159.00 OK
r-patched-linux-x86_64 0.6.2 5.53 82.75 88.28 OK
r-release-linux-x86_64 0.6.2 6.25 81.32 87.57 OK
r-release-macos-arm64 0.6.2 36.00 NOTE
r-release-macos-x86_64 0.6.2 73.00 NOTE
r-release-windows-x86_64 0.6.2 27.00 120.00 147.00 OK
r-oldrel-macos-arm64 0.6.2 51.00 NOTE
r-oldrel-macos-x86_64 0.6.2 55.00 NOTE
r-oldrel-windows-ix86+x86_64 0.6.2 16.00 122.00 138.00 OK

Check Details

Version: 0.6.2
Check: dependencies in R code
Result: NOTE
    Namespaces in Imports field not imported from:
     ‘poweRlaw’ ‘rmutil’
     All declared Imports should be used.
Flavors: r-devel-linux-x86_64-fedora-clang, r-devel-linux-x86_64-fedora-gcc, r-release-macos-arm64, r-release-macos-x86_64, r-oldrel-macos-arm64, r-oldrel-macos-x86_64