CRAN Package Check Results for Package MultiGroupO

Last updated on 2022-08-18 00:54:20 CEST.

Flavor Version Tinstall Tcheck Ttotal Status Flags
r-devel-linux-x86_64-debian-clang 0.1.0 14.99 163.73 178.72 OK
r-devel-linux-x86_64-debian-gcc 0.1.0 OK
r-devel-linux-x86_64-fedora-clang 0.1.0 212.11 NOTE
r-devel-linux-x86_64-fedora-gcc 0.1.0 221.45 NOTE
r-devel-windows-x86_64 0.1.0 26.00 186.00 212.00 OK
r-patched-linux-x86_64 0.1.0 11.12 148.70 159.82 OK
r-release-linux-x86_64 0.1.0 13.16 147.72 160.88 OK
r-release-macos-arm64 0.1.0 66.00 NOTE
r-release-macos-x86_64 0.1.0 128.00 NOTE
r-release-windows-x86_64 0.1.0 29.00 187.00 216.00 OK
r-oldrel-macos-arm64 0.1.0 63.00 NOTE
r-oldrel-macos-x86_64 0.1.0 87.00 NOTE
r-oldrel-windows-ix86+x86_64 0.1.0 34.00 190.00 224.00 OK

Check Details

Version: 0.1.0
Check: dependencies in R code
Result: NOTE
    Namespace in Imports field not imported from: ‘plsgenomics’
     All declared Imports should be used.
Flavors: r-devel-linux-x86_64-fedora-clang, r-devel-linux-x86_64-fedora-gcc, r-release-macos-arm64, r-release-macos-x86_64, r-oldrel-macos-arm64, r-oldrel-macos-x86_64