CRAN Package Check Results for Package MultiKink

Last updated on 2023-06-03 00:57:14 CEST.

Flavor Version Tinstall Tcheck Ttotal Status Flags
r-devel-linux-x86_64-debian-clang 0.1.0 11.26 102.07 113.33 OK
r-devel-linux-x86_64-debian-gcc 0.1.0 7.50 78.41 85.91 OK
r-devel-linux-x86_64-fedora-clang 0.1.0 137.40 NOTE
r-devel-linux-x86_64-fedora-gcc 0.1.0 147.88 NOTE
r-devel-windows-x86_64 0.1.0 10.00 91.00 101.00 OK
r-patched-linux-x86_64 0.1.0 OK
r-release-linux-x86_64 0.1.0 9.85 97.75 107.60 OK
r-release-macos-arm64 0.1.0 46.00 OK
r-release-macos-x86_64 0.1.0 69.00 OK
r-release-windows-x86_64 0.1.0 13.00 116.00 129.00 OK
r-oldrel-macos-arm64 0.1.0 57.00 NOTE
r-oldrel-macos-x86_64 0.1.0 55.00 NOTE
r-oldrel-windows-x86_64 0.1.0 11.00 108.00 119.00 OK

Check Details

Version: 0.1.0
Check: dependencies in R code
Result: NOTE
    Namespace in Imports field not imported from: ‘MASS’
     All declared Imports should be used.
Flavors: r-devel-linux-x86_64-fedora-clang, r-devel-linux-x86_64-fedora-gcc, r-oldrel-macos-arm64, r-oldrel-macos-x86_64