CRAN Package Check Results for Package MultiSV

Last updated on 2020-01-19 11:47:41 CET.

Flavor Version Tinstall Tcheck Ttotal Status Flags
r-devel-linux-x86_64-debian-clang 0.0-67 5.82 29.54 35.36 NOTE
r-devel-linux-x86_64-debian-gcc 0.0-67 5.21 23.80 29.01 NOTE
r-devel-linux-x86_64-fedora-clang 0.0-67 44.22 NOTE
r-devel-linux-x86_64-fedora-gcc 0.0-67 43.66 NOTE
r-devel-windows-ix86+x86_64 0.0-67 12.00 46.00 58.00 NOTE
r-devel-windows-ix86+x86_64-gcc8 0.0-67 10.00 59.00 69.00 NOTE
r-patched-linux-x86_64 0.0-67 5.71 27.62 33.33 NOTE
r-patched-solaris-x86 0.0-67 63.40 NOTE
r-release-linux-x86_64 0.0-67 5.28 27.86 33.14 NOTE
r-release-windows-ix86+x86_64 0.0-67 12.00 45.00 57.00 NOTE
r-release-osx-x86_64 0.0-67 NOTE
r-oldrel-windows-ix86+x86_64 0.0-67 11.00 42.00 53.00 NOTE
r-oldrel-osx-x86_64 0.0-67 NOTE

Check Details

Version: 0.0-67
Check: R code for possible problems
Result: NOTE
    PrbMlt.default: no visible binding for global variable 'na.omit'
    PrbMlt.default: no visible global function definition for 'anova'
    Undefined global functions or variables:
     anova na.omit
    Consider adding
     importFrom("stats", "anova", "na.omit")
    to your NAMESPACE file.
Flavors: r-devel-linux-x86_64-debian-clang, r-devel-linux-x86_64-debian-gcc, r-devel-linux-x86_64-fedora-clang, r-devel-linux-x86_64-fedora-gcc, r-devel-windows-ix86+x86_64, r-devel-windows-ix86+x86_64-gcc8, r-patched-linux-x86_64, r-patched-solaris-x86, r-release-linux-x86_64, r-release-windows-ix86+x86_64, r-release-osx-x86_64, r-oldrel-windows-ix86+x86_64, r-oldrel-osx-x86_64

Version: 0.0-67
Check: installed package size
Result: NOTE
     installed size is 5.1Mb
     sub-directories of 1Mb or more:
     data 5.0Mb
Flavors: r-devel-linux-x86_64-fedora-clang, r-devel-windows-ix86+x86_64, r-devel-windows-ix86+x86_64-gcc8, r-patched-solaris-x86, r-release-windows-ix86+x86_64, r-release-osx-x86_64, r-oldrel-windows-ix86+x86_64, r-oldrel-osx-x86_64