CRAN Package Check Results for Package NACHO

Last updated on 2019-09-23 15:47:10 CEST.

Flavor Version Tinstall Tcheck Ttotal Status Flags
r-devel-linux-x86_64-debian-clang 0.5.6 4.98 116.29 121.27 OK
r-devel-linux-x86_64-debian-gcc 0.5.6 4.30 97.42 101.72 OK
r-devel-linux-x86_64-fedora-clang 0.5.6 145.18 NOTE
r-devel-linux-x86_64-fedora-gcc 0.5.6 143.48 NOTE
r-devel-windows-ix86+x86_64 0.5.6 20.00 332.00 352.00 OK
r-patched-linux-x86_64 0.5.6 4.59 113.78 118.37 OK
r-patched-solaris-x86 0.5.6 234.90 NOTE
r-release-linux-x86_64 0.5.6 3.61 115.57 119.18 OK
r-release-windows-ix86+x86_64 0.5.6 12.00 310.00 322.00 OK
r-release-osx-x86_64 0.5.6 NOTE
r-oldrel-windows-ix86+x86_64 0.5.6 7.00 331.00 338.00 OK
r-oldrel-osx-x86_64 0.5.6 NOTE

Check Details

Version: 0.5.6
Check: dependencies in R code
Result: NOTE
    Namespace in Imports field not imported from: ‘purrr’
     All declared Imports should be used.
Flavors: r-devel-linux-x86_64-fedora-clang, r-devel-linux-x86_64-fedora-gcc, r-patched-solaris-x86, r-release-osx-x86_64, r-oldrel-osx-x86_64

Version: 0.5.6
Check: package dependencies
Result: NOTE
    Packages suggested but not available for checking: 'Biobase', 'GEOquery'
Flavor: r-release-osx-x86_64