CRAN Package Check Results for Package NBAloveR

Last updated on 2022-10-03 05:50:51 CEST.

Flavor Version Tinstall Tcheck Ttotal Status Flags
r-devel-linux-x86_64-debian-clang 0.1.3.3 2.81 28.98 31.79 OK
r-devel-linux-x86_64-debian-gcc 0.1.3.3 2.25 22.50 24.75 OK
r-devel-linux-x86_64-fedora-clang 0.1.3.3 50.78 NOTE
r-devel-linux-x86_64-fedora-gcc 0.1.3.3 48.28 NOTE
r-devel-windows-x86_64 0.1.3.3 18.00 59.00 77.00 OK
r-patched-linux-x86_64 0.1.3.3 2.61 27.88 30.49 OK
r-release-linux-x86_64 0.1.3.3 2.20 27.49 29.69 OK
r-release-macos-arm64 0.1.3.3 16.00 NOTE
r-release-macos-x86_64 0.1.3.3 29.00 NOTE
r-release-windows-x86_64 0.1.3.3 13.00 58.00 71.00 OK
r-oldrel-macos-arm64 0.1.3.3 19.00 NOTE
r-oldrel-macos-x86_64 0.1.3.3 30.00 NOTE
r-oldrel-windows-ix86+x86_64 0.1.3.3 7.00 58.00 65.00 OK

Check Details

Version: 0.1.3.3
Check: data for non-ASCII characters
Result: NOTE
     Note: found 140 marked UTF-8 strings
Flavors: r-devel-linux-x86_64-fedora-clang, r-devel-linux-x86_64-fedora-gcc, r-release-macos-arm64, r-release-macos-x86_64, r-oldrel-macos-arm64, r-oldrel-macos-x86_64