Last updated on 2025-01-16 02:49:30 CET.
Flavor | Version | Tinstall | Tcheck | Ttotal | Status | Flags |
---|---|---|---|---|---|---|
r-devel-linux-x86_64-debian-clang | 1.0 | 30.76 | 232.82 | 263.58 | OK | |
r-devel-linux-x86_64-debian-gcc | 1.0 | 24.65 | 167.77 | 192.42 | OK | |
r-devel-linux-x86_64-fedora-clang | 1.0 | 443.45 | NOTE | |||
r-devel-linux-x86_64-fedora-gcc | 1.0 | 438.41 | NOTE | |||
r-devel-windows-x86_64 | 1.0 | 25.00 | 221.00 | 246.00 | OK | |
r-patched-linux-x86_64 | 1.0 | 32.71 | 222.99 | 255.70 | OK | |
r-release-linux-x86_64 | 1.0 | 32.90 | 224.61 | 257.51 | OK | |
r-release-macos-arm64 | 1.0 | 103.00 | OK | |||
r-release-macos-x86_64 | 1.0 | 156.00 | OK | |||
r-release-windows-x86_64 | 1.0 | 25.00 | 218.00 | 243.00 | OK | |
r-oldrel-macos-arm64 | 1.0 | 102.00 | OK | |||
r-oldrel-macos-x86_64 | 1.0 | 169.00 | OK | |||
r-oldrel-windows-x86_64 | 1.0 | 35.00 | 267.00 | 302.00 | OK |
Version: 1.0
Check: dependencies in R code
Result: NOTE
Namespace in Imports field not imported from: ‘magick’
All declared Imports should be used.
Flavors: r-devel-linux-x86_64-fedora-clang, r-devel-linux-x86_64-fedora-gcc