CRAN Package Check Results for Package NCmisc

Last updated on 2022-09-28 13:51:57 CEST.

Flavor Version Tinstall Tcheck Ttotal Status Flags
r-devel-linux-x86_64-debian-clang 1.1.6 4.74 63.64 68.38 OK
r-devel-linux-x86_64-debian-gcc 1.1.6 4.14 48.26 52.40 OK
r-devel-linux-x86_64-fedora-clang 1.1.6 94.83 NOTE
r-devel-linux-x86_64-fedora-gcc 1.1.6 90.99 OK
r-devel-windows-x86_64 1.1.6 8.00 111.00 119.00 OK
r-patched-linux-x86_64 1.1.6 5.98 59.86 65.84 OK
r-release-linux-x86_64 1.1.6 4.72 59.41 64.13 OK
r-release-macos-arm64 1.1.6 36.00 OK
r-release-macos-x86_64 1.1.6 45.00 OK
r-release-windows-x86_64 1.1.6 25.00 101.00 126.00 OK
r-oldrel-macos-arm64 1.1.6 43.00 OK
r-oldrel-macos-x86_64 1.1.6 57.00 OK
r-oldrel-windows-ix86+x86_64 1.1.6 11.00 99.00 110.00 OK

Check Details

Version: 1.1.6
Check: Rd cross-references
Result: NOTE
    Undeclared package ‘reader’ in Rd xrefs
Flavor: r-devel-linux-x86_64-fedora-clang