CRAN Package Check Results for Package NFCP

Last updated on 2021-04-13 04:47:10 CEST.

Flavor Version Tinstall Tcheck Ttotal Status Flags
r-devel-linux-x86_64-debian-clang 0.2.0 4.50 289.48 293.98 OK
r-devel-linux-x86_64-debian-gcc 0.2.0 3.31 223.49 226.80 OK
r-devel-linux-x86_64-fedora-clang 0.2.0 351.51 NOTE
r-devel-linux-x86_64-fedora-gcc 0.2.0 357.22 NOTE
r-devel-windows-ix86+x86_64 0.2.0 8.00 405.00 413.00 OK
r-devel-windows-x86_64-gcc10-UCRT 0.2.0 NOTE
r-patched-linux-x86_64 0.2.0 4.04 291.86 295.90 OK
r-patched-solaris-x86 0.2.0 733.30 NOTE
r-release-linux-x86_64 0.2.0 3.84 292.07 295.91 OK
r-release-macos-x86_64 0.2.0 NOTE
r-release-windows-ix86+x86_64 0.2.0 5.00 412.00 417.00 OK
r-oldrel-macos-x86_64 0.2.0 NOTE
r-oldrel-windows-ix86+x86_64 0.2.0 7.00 325.00 332.00 OK

Check Details

Version: 0.2.0
Check: dependencies in R code
Result: NOTE
    Namespaces in Imports field not imported from:
     ‘Rdpack’ ‘curl’ ‘mathjaxr’
     All declared Imports should be used.
Flavors: r-devel-linux-x86_64-fedora-clang, r-devel-linux-x86_64-fedora-gcc, r-devel-windows-x86_64-gcc10-UCRT, r-patched-solaris-x86, r-release-macos-x86_64, r-oldrel-macos-x86_64