CRAN Package Check Results for Package NFLSimulatoR

Last updated on 2023-09-30 13:51:52 CEST.

Flavor Version Tinstall Tcheck Ttotal Status Flags
r-devel-linux-x86_64-debian-clang 0.4.0 3.51 59.50 63.01 OK
r-devel-linux-x86_64-debian-gcc 0.4.0 3.06 52.03 55.09 OK
r-devel-linux-x86_64-fedora-clang 0.4.0 77.27 NOTE
r-devel-linux-x86_64-fedora-gcc 0.4.0 93.28 NOTE
r-devel-windows-x86_64 0.4.0 5.00 62.00 67.00 OK
r-patched-linux-x86_64 0.4.0 3.99 66.34 70.33 OK
r-release-linux-x86_64 0.4.0 2.42 63.89 66.31 OK
r-release-macos-arm64 0.4.0 38.00 OK
r-release-macos-x86_64 0.4.0 46.00 OK
r-release-windows-x86_64 0.4.0 7.00 67.00 74.00 OK
r-oldrel-macos-arm64 0.4.0 27.00 NOTE
r-oldrel-macos-x86_64 0.4.0 38.00 NOTE
r-oldrel-windows-x86_64 0.4.0 6.00 73.00 79.00 OK

Check Details

Version: 0.4.0
Check: dependencies in R code
Result: NOTE
    Namespace in Imports field not imported from: ‘nflfastR’
     All declared Imports should be used.
Flavors: r-devel-linux-x86_64-fedora-clang, r-devel-linux-x86_64-fedora-gcc, r-oldrel-macos-arm64, r-oldrel-macos-x86_64