CRAN Package Check Results for Package NFLSimulatoR

Last updated on 2022-10-04 03:56:47 CEST.

Flavor Version Tinstall Tcheck Ttotal Status Flags
r-devel-linux-x86_64-debian-clang 0.4.0 4.00 59.48 63.48 OK
r-devel-linux-x86_64-debian-gcc 0.4.0 2.99 48.36 51.35 OK
r-devel-linux-x86_64-fedora-clang 0.4.0 87.55 NOTE
r-devel-linux-x86_64-fedora-gcc 0.4.0 94.04 NOTE
r-devel-windows-x86_64 0.4.0 16.00 84.00 100.00 OK
r-patched-linux-x86_64 0.4.0 3.37 54.54 57.91 OK
r-release-linux-x86_64 0.4.0 3.47 61.88 65.35 OK
r-release-macos-arm64 0.4.0 27.00 NOTE
r-release-macos-x86_64 0.4.0 38.00 NOTE
r-release-windows-x86_64 0.4.0 18.00 87.00 105.00 OK
r-oldrel-macos-arm64 0.4.0 27.00 NOTE
r-oldrel-macos-x86_64 0.4.0 46.00 NOTE
r-oldrel-windows-ix86+x86_64 0.4.0 9.00 78.00 87.00 OK

Additional issues

M1mac

Check Details

Version: 0.4.0
Check: dependencies in R code
Result: NOTE
    Namespace in Imports field not imported from: ‘nflfastR’
     All declared Imports should be used.
Flavors: r-devel-linux-x86_64-fedora-clang, r-devel-linux-x86_64-fedora-gcc, r-release-macos-arm64, r-release-macos-x86_64, r-oldrel-macos-arm64, r-oldrel-macos-x86_64