CRAN Package Check Results for Package NHANES

Last updated on 2024-06-13 13:49:20 CEST.

Flavor Version Tinstall Tcheck Ttotal Status Flags
r-devel-linux-x86_64-debian-clang 2.1.0 3.55 25.13 28.68 NOTE
r-devel-linux-x86_64-debian-gcc 2.1.0 2.57 16.99 19.56 NOTE
r-devel-linux-x86_64-fedora-clang 2.1.0 36.65 NOTE
r-devel-linux-x86_64-fedora-gcc 2.1.0 34.34 NOTE
r-devel-windows-x86_64 2.1.0 4.00 41.00 45.00 NOTE
r-patched-linux-x86_64 2.1.0 3.55 24.65 28.20 NOTE
r-release-linux-x86_64 2.1.0 3.17 24.36 27.53 NOTE
r-release-macos-arm64 2.1.0 17.00 NOTE
r-release-macos-x86_64 2.1.0 27.00 NOTE
r-release-windows-x86_64 2.1.0 4.00 43.00 47.00 NOTE
r-oldrel-macos-arm64 2.1.0 17.00 OK
r-oldrel-macos-x86_64 2.1.0 23.00 OK
r-oldrel-windows-x86_64 2.1.0 4.00 45.00 49.00 OK

Check Details

Version: 2.1.0
Check: Rd files
Result: NOTE checkRd: (-1) NHANES.Rd:278: Lost braces 278 | \code{AgeFirstMarij}{Age participant first tried marijuana. Reported for participants aged 18 to 59 years.} | ^ Flavors: r-devel-linux-x86_64-debian-clang, r-devel-linux-x86_64-debian-gcc, r-devel-linux-x86_64-fedora-clang, r-devel-linux-x86_64-fedora-gcc, r-devel-windows-x86_64, r-patched-linux-x86_64, r-release-linux-x86_64, r-release-macos-arm64, r-release-macos-x86_64, r-release-windows-x86_64

Version: 2.1.0
Check: package dependencies
Result: NOTE Package suggested but not available for checking: ‘mosaic’ Flavor: r-devel-linux-x86_64-debian-gcc