Last updated on 2023-06-02 01:53:47 CEST.
Flavor | Version | Tinstall | Tcheck | Ttotal | Status | Flags |
---|---|---|---|---|---|---|
r-devel-linux-x86_64-debian-clang | 0.26 | 37.14 | 691.12 | 728.26 | OK | |
r-devel-linux-x86_64-debian-gcc | 0.26 | 29.06 | 529.33 | 558.39 | OK | |
r-devel-linux-x86_64-fedora-clang | 0.26 | 984.51 | OK | |||
r-devel-linux-x86_64-fedora-gcc | 0.26 | 953.30 | OK | |||
r-devel-windows-x86_64 | 0.26 | 36.00 | 559.00 | 595.00 | OK | |
r-patched-linux-x86_64 | 0.26 | OK | ||||
r-release-linux-x86_64 | 0.26 | 40.09 | 657.88 | 697.97 | OK | |
r-release-macos-arm64 | 0.26 | 294.00 | NOTE | |||
r-release-macos-x86_64 | 0.26 | 582.00 | NOTE | |||
r-release-windows-x86_64 | 0.26 | 44.00 | 709.00 | 753.00 | OK | |
r-oldrel-macos-arm64 | 0.26 | 212.00 | NOTE | |||
r-oldrel-macos-x86_64 | 0.26 | 332.00 | NOTE | |||
r-oldrel-windows-x86_64 | 0.26 | 44.00 | 684.00 | 728.00 | OK |
Version: 0.26
Check: package dependencies
Result: NOTE
Package suggested but not available for checking: ‘doMPI’
Flavors: r-release-macos-arm64, r-release-macos-x86_64, r-oldrel-macos-arm64, r-oldrel-macos-x86_64