CRAN Package Check Results for Package NNMIS

Last updated on 2023-06-03 02:51:25 CEST.

Flavor Version Tinstall Tcheck Ttotal Status Flags
r-devel-linux-x86_64-debian-clang 1.0.1 3.08 30.47 33.55 NOTE
r-devel-linux-x86_64-debian-gcc 1.0.1 2.21 23.55 25.76 NOTE
r-devel-linux-x86_64-fedora-clang 1.0.1 42.51 NOTE
r-devel-linux-x86_64-fedora-gcc 1.0.1 44.15 NOTE
r-devel-windows-x86_64 1.0.1 3.00 46.00 49.00 NOTE
r-patched-linux-x86_64 1.0.1 NOTE
r-release-linux-x86_64 1.0.1 2.56 30.54 33.10 NOTE
r-release-macos-arm64 1.0.1 20.00 NOTE
r-release-macos-x86_64 1.0.1 25.00 NOTE
r-release-windows-x86_64 1.0.1 5.00 46.00 51.00 NOTE
r-oldrel-macos-arm64 1.0.1 17.00 NOTE
r-oldrel-macos-x86_64 1.0.1 24.00 NOTE
r-oldrel-windows-x86_64 1.0.1 5.00 49.00 54.00 NOTE

Check Details

Version: 1.0.1
Check: LazyData
Result: NOTE
     'LazyData' is specified without a 'data' directory
Flavors: r-devel-linux-x86_64-debian-clang, r-devel-linux-x86_64-debian-gcc, r-devel-linux-x86_64-fedora-clang, r-devel-linux-x86_64-fedora-gcc, r-devel-windows-x86_64, r-patched-linux-x86_64, r-release-linux-x86_64, r-release-macos-arm64, r-release-macos-x86_64, r-release-windows-x86_64, r-oldrel-macos-arm64, r-oldrel-macos-x86_64, r-oldrel-windows-x86_64