CRAN Package Check Results for Package NPflow

Last updated on 2022-08-12 07:53:21 CEST.

Flavor Version Tinstall Tcheck Ttotal Status Flags
r-devel-linux-x86_64-debian-clang 0.13.3 283.50 142.06 425.56 OK
r-devel-linux-x86_64-debian-gcc 0.13.3 221.85 102.75 324.60 OK
r-devel-linux-x86_64-fedora-clang 0.13.3 619.88 NOTE
r-devel-linux-x86_64-fedora-gcc 0.13.3 563.19 OK
r-devel-windows-x86_64 0.13.3 226.00 183.00 409.00 OK
r-patched-linux-x86_64 0.13.3 235.29 129.31 364.60 OK
r-release-linux-x86_64 0.13.3 242.38 129.12 371.50 OK
r-release-macos-arm64 0.13.3 118.00 NOTE
r-release-macos-x86_64 0.13.3 221.00 NOTE
r-release-windows-x86_64 0.13.3 219.00 182.00 401.00 OK
r-oldrel-macos-arm64 0.13.3 127.00 NOTE
r-oldrel-macos-x86_64 0.13.3 210.00 NOTE
r-oldrel-windows-ix86+x86_64 0.13.3 685.00 240.00 925.00 OK

Check Details

Version: 0.13.3
Check: installed package size
Result: NOTE
     installed size is 6.6Mb
     sub-directories of 1Mb or more:
     libs 6.0Mb
Flavors: r-devel-linux-x86_64-fedora-clang, r-release-macos-arm64, r-release-macos-x86_64, r-oldrel-macos-arm64, r-oldrel-macos-x86_64