CRAN Package Check Results for Package NetMix

Last updated on 2020-11-29 03:50:36 CET.

Flavor Version Tinstall Tcheck Ttotal Status Flags
r-devel-linux-x86_64-debian-clang 0.1.5 102.95 98.71 201.66 OK
r-devel-linux-x86_64-debian-gcc 0.1.5 91.03 72.81 163.84 OK
r-devel-linux-x86_64-fedora-clang 0.1.5 238.10 NOTE
r-devel-linux-x86_64-fedora-gcc 0.1.5 228.50 NOTE
r-devel-windows-ix86+x86_64 0.1.5 185.00 220.00 405.00 OK
r-patched-linux-x86_64 0.1.5 139.47 94.69 234.16 OK
r-patched-solaris-x86 0.1.5 263.10 NOTE
r-release-linux-x86_64 0.1.5 103.69 94.30 197.99 OK
r-release-macos-x86_64 0.1.5 NOTE
r-release-windows-ix86+x86_64 0.1.5 183.00 196.00 379.00 OK
r-oldrel-macos-x86_64 0.1.5 NOTE
r-oldrel-windows-ix86+x86_64 0.1.5 157.00 216.00 373.00 OK

Check Details

Version: 0.1.5
Check: dependencies in R code
Result: NOTE
    Namespace in Imports field not imported from: ‘clue’
     All declared Imports should be used.
Flavors: r-devel-linux-x86_64-fedora-clang, r-devel-linux-x86_64-fedora-gcc, r-patched-solaris-x86, r-release-macos-x86_64, r-oldrel-macos-x86_64