CRAN Package Check Results for Package NlinTS

Last updated on 2022-01-28 01:50:38 CET.

Flavor Version Tinstall Tcheck Ttotal Status Flags
r-devel-linux-x86_64-debian-clang 1.4.5 125.08 61.31 186.39 OK
r-devel-linux-x86_64-debian-gcc 1.4.5 100.86 48.55 149.41 OK
r-devel-linux-x86_64-fedora-clang 1.4.5 295.99 NOTE
r-devel-linux-x86_64-fedora-gcc 1.4.5 247.46 OK
r-devel-windows-x86_64-new-UL 1.4.5 127.00 102.00 229.00 OK
r-devel-windows-x86_64-new-TK 1.4.5 OK
r-patched-linux-x86_64 1.4.5 108.82 56.96 165.78 OK
r-release-linux-x86_64 1.4.5 111.15 56.92 168.07 OK
r-release-macos-arm64 1.4.5 NOTE
r-release-macos-x86_64 1.4.5 NOTE
r-release-windows-ix86+x86_64 1.4.5 311.00 107.00 418.00 OK
r-oldrel-macos-x86_64 1.4.5 NOTE
r-oldrel-windows-ix86+x86_64 1.4.5 313.00 105.00 418.00 OK

Check Details

Version: 1.4.5
Check: installed package size
Result: NOTE
     installed size is 7.6Mb
     sub-directories of 1Mb or more:
     libs 7.4Mb
Flavors: r-devel-linux-x86_64-fedora-clang, r-release-macos-arm64, r-release-macos-x86_64, r-oldrel-macos-x86_64