CRAN Package Check Results for Package NlsyLinks

Last updated on 2020-11-29 03:50:36 CET.

Flavor Version Tinstall Tcheck Ttotal Status Flags
r-devel-linux-x86_64-debian-clang 2.0.6 7.84 113.55 121.39 OK
r-devel-linux-x86_64-debian-gcc 2.0.6 5.92 97.16 103.08 OK
r-devel-linux-x86_64-fedora-clang 2.0.6 160.45 NOTE
r-devel-linux-x86_64-fedora-gcc 2.0.6 155.86 OK
r-devel-windows-ix86+x86_64 2.0.6 12.00 149.00 161.00 NOTE
r-patched-linux-x86_64 2.0.6 8.18 124.99 133.17 OK
r-patched-solaris-x86 2.0.6 438.40 NOTE
r-release-linux-x86_64 2.0.6 8.17 124.70 132.87 OK
r-release-macos-x86_64 2.0.6 NOTE
r-release-windows-ix86+x86_64 2.0.6 12.00 143.00 155.00 NOTE
r-oldrel-macos-x86_64 2.0.6 NOTE
r-oldrel-windows-ix86+x86_64 2.0.6 20.00 143.00 163.00 NOTE

Check Details

Version: 2.0.6
Check: installed package size
Result: NOTE
     installed size is 8.6Mb
     sub-directories of 1Mb or more:
     data 4.3Mb
     reports 2.3Mb
Flavors: r-devel-linux-x86_64-fedora-clang, r-devel-windows-ix86+x86_64, r-patched-solaris-x86, r-release-macos-x86_64, r-release-windows-ix86+x86_64, r-oldrel-macos-x86_64, r-oldrel-windows-ix86+x86_64