CRAN Package Check Results for Package NonProbEst

Last updated on 2020-02-17 19:49:22 CET.

Flavor Version Tinstall Tcheck Ttotal Status Flags
r-devel-linux-x86_64-debian-clang 0.2.3 12.44 128.58 141.02 OK
r-devel-linux-x86_64-debian-gcc 0.2.3 11.04 103.81 114.85 OK
r-devel-linux-x86_64-fedora-clang 0.2.3 167.62 NOTE
r-devel-linux-x86_64-fedora-gcc 0.2.3 166.75 NOTE
r-devel-windows-ix86+x86_64 0.2.3 32.00 139.00 171.00 OK
r-devel-windows-ix86+x86_64-gcc8 0.2.3 42.00 174.00 216.00 OK
r-patched-linux-x86_64 0.2.3 11.15 114.73 125.88 OK
r-patched-solaris-x86 0.2.3 235.40 NOTE
r-release-linux-x86_64 0.2.3 10.98 114.55 125.53 OK
r-release-windows-ix86+x86_64 0.2.3 27.00 118.00 145.00 OK
r-release-osx-x86_64 0.2.3 NOTE
r-oldrel-windows-ix86+x86_64 0.2.3 12.00 114.00 126.00 OK
r-oldrel-osx-x86_64 0.2.3 NOTE

Check Details

Version: 0.2.3
Check: dependencies in R code
Result: NOTE
    Namespace in Imports field not imported from: ‘e1071’
     All declared Imports should be used.
Flavors: r-devel-linux-x86_64-fedora-clang, r-devel-linux-x86_64-fedora-gcc, r-patched-solaris-x86, r-release-osx-x86_64, r-oldrel-osx-x86_64