CRAN Package Check Results for Package NonProbEst

Last updated on 2020-09-27 23:49:32 CEST.

Flavor Version Tinstall Tcheck Ttotal Status Flags
r-devel-linux-x86_64-debian-clang 0.2.4 11.56 151.84 163.40 OK
r-devel-linux-x86_64-debian-gcc 0.2.4 9.99 116.69 126.68 OK
r-devel-linux-x86_64-fedora-clang 0.2.4 217.57 NOTE
r-devel-linux-x86_64-fedora-gcc 0.2.4 198.85 NOTE
r-devel-windows-ix86+x86_64 0.2.4 27.00 178.00 205.00 OK
r-patched-linux-x86_64 0.2.4 12.96 140.85 153.81 OK
r-patched-solaris-x86 0.2.4 282.90 NOTE
r-release-linux-x86_64 0.2.4 11.77 144.43 156.20 OK
r-release-macos-x86_64 0.2.4 NOTE
r-release-windows-ix86+x86_64 0.2.4 37.00 180.00 217.00 OK
r-oldrel-macos-x86_64 0.2.4 NOTE
r-oldrel-windows-ix86+x86_64 0.2.4 26.00 177.00 203.00 OK

Check Details

Version: 0.2.4
Check: dependencies in R code
Result: NOTE
    Namespaces in Imports field not imported from:
     ‘Matrix’ ‘e1071’ ‘glmnet’
     All declared Imports should be used.
Flavors: r-devel-linux-x86_64-fedora-clang, r-devel-linux-x86_64-fedora-gcc, r-patched-solaris-x86, r-release-macos-x86_64, r-oldrel-macos-x86_64