CRAN Package Check Results for Package NonlinearTSA

Last updated on 2022-01-18 13:16:10 CET.

Flavor Version Tinstall Tcheck Ttotal Status Flags
r-devel-linux-x86_64-debian-clang 0.5.0 12.23 123.50 135.73 OK
r-devel-linux-x86_64-debian-gcc 0.5.0 12.67 101.15 113.82 OK
r-devel-linux-x86_64-fedora-clang 0.5.0 163.30 OK
r-devel-linux-x86_64-fedora-gcc 0.5.0 158.68 OK
r-devel-windows-x86_64-new-UL 0.5.0 100.00 147.00 247.00 OK
r-devel-windows-x86_64-new-TK 0.5.0 ERROR
r-patched-linux-x86_64 0.5.0 12.71 114.36 127.07 OK
r-release-linux-x86_64 0.5.0 OK
r-release-macos-arm64 0.5.0 OK
r-release-macos-x86_64 0.5.0 OK
r-release-windows-ix86+x86_64 0.5.0 33.00 147.00 180.00 OK
r-oldrel-macos-x86_64 0.5.0 OK
r-oldrel-windows-ix86+x86_64 0.5.0 32.00 148.00 180.00 OK

Check Details

Version: 0.5.0
Check: package dependencies
Result: ERROR
    Package required but not available: 'car'
    
    See section 'The DESCRIPTION file' in the 'Writing R Extensions'
    manual.
Flavor: r-devel-windows-x86_64-new-TK