CRAN Package Check Results for Package NormalBetaPrime

Last updated on 2021-03-08 08:48:35 CET.

Flavor Version Tinstall Tcheck Ttotal Status Flags
r-devel-linux-x86_64-debian-clang 2.2 8.69 93.09 101.78 OK
r-devel-linux-x86_64-debian-gcc 2.2 8.27 70.08 78.35 OK
r-devel-linux-x86_64-fedora-clang 2.2 142.79 NOTE
r-devel-linux-x86_64-fedora-gcc 2.2 120.56 OK
r-devel-windows-ix86+x86_64 2.2 22.00 115.00 137.00 OK
r-devel-windows-x86_64-gcc10-UCRT 2.2 OK
r-patched-linux-x86_64 2.2 9.30 91.95 101.25 OK
r-patched-solaris-x86 2.2 179.40 NOTE
r-release-linux-x86_64 2.2 8.79 93.11 101.90 OK
r-release-macos-x86_64 2.2 NOTE
r-release-windows-ix86+x86_64 2.2 17.00 94.00 111.00 OK
r-oldrel-macos-x86_64 2.2 NOTE
r-oldrel-windows-ix86+x86_64 2.2 13.00 89.00 102.00 OK

Check Details

Version: 2.2
Check: installed package size
Result: NOTE
     installed size is 5.1Mb
     sub-directories of 1Mb or more:
     data 4.8Mb
Flavors: r-devel-linux-x86_64-fedora-clang, r-patched-solaris-x86, r-release-macos-x86_64, r-oldrel-macos-x86_64