CRAN Package Check Results for Package NutrienTrackeR

Last updated on 2021-04-15 06:47:52 CEST.

Flavor Version Tinstall Tcheck Ttotal Status Flags
r-devel-linux-x86_64-debian-clang 1.1.0 7.73 77.25 84.98 OK
r-devel-linux-x86_64-debian-gcc 1.1.0 5.59 60.71 66.30 OK
r-devel-linux-x86_64-fedora-clang 1.1.0 109.76 OK
r-devel-linux-x86_64-fedora-gcc 1.1.0 102.98 OK
r-devel-windows-ix86+x86_64 1.1.0 24.00 99.00 123.00 OK
r-devel-windows-x86_64-gcc10-UCRT 1.1.0 OK
r-patched-linux-x86_64 1.1.0 7.29 74.34 81.63 OK
r-patched-solaris-x86 1.1.0 141.80 OK
r-release-linux-x86_64 1.1.0 7.38 74.27 81.65 OK
r-release-macos-x86_64 1.1.0 OK
r-release-windows-ix86+x86_64 1.1.0 25.00 106.00 131.00 OK
r-oldrel-macos-x86_64 1.1.0 NOTE
r-oldrel-windows-ix86+x86_64 1.1.0 14.00 72.00 86.00 OK

Check Details

Version: 1.1.0
Check: package dependencies
Result: NOTE
    Package suggested but not available for checking: ‘BiocStyle’
Flavor: r-oldrel-macos-x86_64