CRAN Package Check Results for Package OTclust

Last updated on 2020-06-05 20:48:43 CEST.

Flavor Version Tinstall Tcheck Ttotal Status Flags
r-devel-linux-x86_64-debian-clang 1.0.2 20.32 534.23 554.55 NOTE
r-devel-linux-x86_64-debian-gcc 1.0.2 16.37 401.85 418.22 NOTE
r-devel-linux-x86_64-fedora-clang 1.0.2 763.46 OK
r-devel-linux-x86_64-fedora-gcc 1.0.2 620.27 OK
r-devel-windows-ix86+x86_64 1.0.2 63.00 600.00 663.00 NOTE
r-patched-linux-x86_64 1.0.2 16.08 459.35 475.43 NOTE
r-patched-solaris-x86 1.0.2 945.10 OK
r-release-linux-x86_64 1.0.2 17.00 522.95 539.95 NOTE
r-release-osx-x86_64 1.0.2 OK
r-release-windows-ix86+x86_64 1.0.2 59.00 752.00 811.00 NOTE
r-oldrel-osx-x86_64 1.0.2 OK
r-oldrel-windows-ix86+x86_64 1.0.2 54.00 682.00 736.00 OK

Check Details

Version: 1.0.2
Check: package vignettes
Result: NOTE
    Package vignette with placeholder title 'Vignette Title':
     'OTclust.Rmd'
Flavors: r-devel-linux-x86_64-debian-clang, r-devel-linux-x86_64-debian-gcc, r-devel-windows-ix86+x86_64, r-patched-linux-x86_64, r-release-linux-x86_64, r-release-windows-ix86+x86_64