CRAN Package Check Results for Package OTclust

Last updated on 2019-09-23 20:47:40 CEST.

Flavor Version Tinstall Tcheck Ttotal Status Flags
r-devel-linux-x86_64-debian-clang 1.0.2 19.29 47.85 67.14 NOTE
r-devel-linux-x86_64-debian-gcc 1.0.2 14.29 37.84 52.13 NOTE
r-devel-linux-x86_64-fedora-clang 1.0.2 93.06 OK
r-devel-linux-x86_64-fedora-gcc 1.0.2 86.85 OK
r-devel-windows-ix86+x86_64 1.0.2 58.00 127.00 185.00 NOTE
r-patched-linux-x86_64 1.0.2 14.85 47.08 61.93 OK
r-patched-solaris-x86 1.0.2 1015.30 OK
r-release-linux-x86_64 1.0.2 16.93 47.54 64.47 OK
r-release-windows-ix86+x86_64 1.0.2 49.00 121.00 170.00 OK
r-release-osx-x86_64 1.0.2 OK
r-oldrel-windows-ix86+x86_64 1.0.2 28.00 98.00 126.00 OK
r-oldrel-osx-x86_64 1.0.2 OK

Check Details

Version: 1.0.2
Check: package vignettes
Result: NOTE
    Package vignette with placeholder title 'Vignette Title':
     'OTclust.Rmd'
Flavors: r-devel-linux-x86_64-debian-clang, r-devel-linux-x86_64-debian-gcc, r-devel-windows-ix86+x86_64