CRAN Package Check Results for Package OasisR

Last updated on 2020-12-05 05:48:20 CET.

Flavor Version Tinstall Tcheck Ttotal Status Flags
r-devel-linux-x86_64-debian-clang 3.0.2 10.98 132.40 143.38 OK
r-devel-linux-x86_64-debian-gcc 3.0.2 9.52 105.37 114.89 OK
r-devel-linux-x86_64-fedora-clang 3.0.2 178.58 OK
r-devel-linux-x86_64-fedora-gcc 3.0.2 180.31 OK
r-devel-windows-ix86+x86_64 3.0.2 17.00 177.00 194.00 OK
r-patched-linux-x86_64 3.0.2 13.15 132.16 145.31 OK
r-patched-solaris-x86 3.0.2 245.20 OK
r-release-linux-x86_64 3.0.2 12.70 131.68 144.38 OK
r-release-macos-x86_64 3.0.2 OK
r-release-windows-ix86+x86_64 3.0.2 14.00 140.00 154.00 OK
r-oldrel-macos-x86_64 3.0.2 ERROR

Check Details

Version: 3.0.2
Check: package dependencies
Result: ERROR
    Package required and available but unsuitable version: ‘methods’
    
    See section ‘The DESCRIPTION file’ in the ‘Writing R Extensions’
    manual.
Flavor: r-oldrel-macos-x86_64