CRAN Package Check Results for Package OpenStreetMap

Last updated on 2020-02-27 19:48:51 CET.

Flavor Version Tinstall Tcheck Ttotal Status Flags
r-devel-linux-x86_64-debian-clang 0.3.4 14.04 103.22 117.26 OK
r-devel-linux-x86_64-debian-gcc 0.3.4 12.36 77.91 90.27 OK
r-devel-linux-x86_64-fedora-clang 0.3.4 141.19 OK
r-devel-linux-x86_64-fedora-gcc 0.3.4 140.99 OK
r-devel-windows-ix86+x86_64 0.3.4 21.00 95.00 116.00 OK
r-devel-windows-ix86+x86_64-gcc8 0.3.4 23.00 99.00 122.00 OK
r-patched-linux-x86_64 0.3.4 11.02 88.04 99.06 OK
r-patched-solaris-x86 0.3.4 185.10 OK
r-release-linux-x86_64 0.3.4 12.10 90.33 102.43 OK
r-release-windows-ix86+x86_64 0.3.4 23.00 94.00 117.00 OK
r-release-osx-x86_64 0.3.4 OK
r-oldrel-windows-ix86+x86_64 0.3.4 11.00 95.00 106.00 WARN
r-oldrel-osx-x86_64 0.3.4 OK

Check Details

Version: 0.3.4
Check: whether package can be installed
Result: WARN
    Found the following significant warnings:
     Warning: S3 methods '[.fun_list', '[.grouped_df', 'all.equal.tbl_df', 'anti_join.data.frame', 'anti_join.tbl_df', 'arrange.data.frame', 'arrange.default', 'arrange.grouped_df', 'arrange.tbl_df', 'arrange_.data.frame', 'arrange_.tbl_df', 'as.data.frame.grouped_df', 'as.data.frame.rowwise_df', 'as.data.frame.tbl_cube', 'as.table.tbl_cube', 'as.tbl.data.frame', 'as.tbl.tbl', 'as.tbl_cube.array', 'as.tbl_cube.data.frame', 'as.tbl_cube.matrix', 'as.tbl_cube.table', 'as_tibble.grouped_df', 'as_tibble.tbl_cube', 'auto_copy.tbl_cube', 'auto_copy.tbl_df', 'cbind.grouped_df', 'collapse.data.frame', 'collect.data.frame', 'common_by.NULL', 'common_by.character', 'common_by.default', 'common_by.list', 'compute.data.frame', 'copy_to.DBIConnection', 'copy_to.src_local', 'default_missing.data.frame', 'default_missing.default', 'dim.tbl_cube', 'distinct.data.frame', 'distinct.default', 'distinct.grouped_df', 'distinct.tbl_df', 'distinct_.data.frame', 'distinct_.grouped_df', 'distinct_.tbl_df', 'do.NULL', 'do.da [... truncated]
Flavor: r-oldrel-windows-ix86+x86_64