CRAN Package Check Results for Package PBD

Last updated on 2020-11-25 08:50:43 CET.

Flavor Version Tinstall Tcheck Ttotal Status Flags
r-devel-linux-x86_64-debian-clang 1.4 5.27 84.41 89.68 OK
r-devel-linux-x86_64-debian-gcc 1.4 4.54 60.79 65.33 OK
r-devel-linux-x86_64-fedora-clang 1.4 114.58 NOTE
r-devel-linux-x86_64-fedora-gcc 1.4 103.44 NOTE
r-devel-windows-ix86+x86_64 1.4 9.00 91.00 100.00 OK
r-patched-linux-x86_64 1.4 5.05 82.45 87.50 OK
r-patched-solaris-x86 1.4 128.50 NOTE
r-release-linux-x86_64 1.4 5.18 80.77 85.95 OK
r-release-macos-x86_64 1.4 NOTE
r-release-windows-ix86+x86_64 1.4 9.00 108.00 117.00 OK
r-oldrel-macos-x86_64 1.4 NOTE
r-oldrel-windows-ix86+x86_64 1.4 4.00 102.00 106.00 OK

Check Details

Version: 1.4
Check: dependencies in R code
Result: NOTE
    Namespace in Imports field not imported from: ‘ade4’
     All declared Imports should be used.
Flavors: r-devel-linux-x86_64-fedora-clang, r-devel-linux-x86_64-fedora-gcc, r-patched-solaris-x86, r-release-macos-x86_64, r-oldrel-macos-x86_64