CRAN Package Check Results for Package PBNPA

Last updated on 2022-09-28 12:55:24 CEST.

Flavor Version Tinstall Tcheck Ttotal Status Flags
r-devel-linux-x86_64-debian-clang 0.0.3 1.97 25.26 27.23 NOTE
r-devel-linux-x86_64-debian-gcc 0.0.3 1.59 19.74 21.33 NOTE
r-devel-linux-x86_64-fedora-clang 0.0.3 45.79 NOTE
r-devel-linux-x86_64-fedora-gcc 0.0.3 43.03 NOTE
r-devel-windows-x86_64 0.0.3 6.00 51.00 57.00 NOTE
r-patched-linux-x86_64 0.0.3 1.87 24.81 26.68 NOTE
r-release-linux-x86_64 0.0.3 1.39 24.44 25.83 NOTE
r-release-macos-arm64 0.0.3 15.00 NOTE
r-release-macos-x86_64 0.0.3 20.00 NOTE
r-release-windows-x86_64 0.0.3 7.00 50.00 57.00 NOTE
r-oldrel-macos-arm64 0.0.3 19.00 NOTE
r-oldrel-macos-x86_64 0.0.3 24.00 NOTE
r-oldrel-windows-ix86+x86_64 0.0.3 5.00 48.00 53.00 NOTE

Check Details

Version: 0.0.3
Check: LazyData
Result: NOTE
     'LazyData' is specified without a 'data' directory
Flavors: r-devel-linux-x86_64-debian-clang, r-devel-linux-x86_64-debian-gcc, r-devel-linux-x86_64-fedora-clang, r-devel-linux-x86_64-fedora-gcc, r-devel-windows-x86_64, r-patched-linux-x86_64, r-release-linux-x86_64, r-release-macos-arm64, r-release-macos-x86_64, r-release-windows-x86_64, r-oldrel-macos-arm64, r-oldrel-macos-x86_64, r-oldrel-windows-ix86+x86_64