CRAN Package Check Results for Package PBSmapping

Last updated on 2021-12-08 22:57:44 CET.

Flavor Version Tinstall Tcheck Ttotal Status Flags
r-devel-linux-x86_64-debian-clang 2.73.0 24.05 96.48 120.53 OK
r-devel-linux-x86_64-debian-gcc 2.73.0 17.43 75.49 92.92 OK
r-devel-linux-x86_64-fedora-clang 2.73.0 157.15 NOTE
r-devel-linux-x86_64-fedora-gcc 2.73.0 138.22 OK
r-devel-windows-x86_64-new-UL 2.73.0 46.00 155.00 201.00 NOTE
r-devel-windows-x86_64-new-TK 2.73.0 OK
r-devel-windows-x86_64-old 2.73.0 35.00 140.00 175.00 NOTE
r-patched-linux-x86_64 2.73.0 22.66 93.72 116.38 OK
r-release-linux-x86_64 2.73.0 19.83 94.00 113.83 OK
r-release-macos-arm64 2.73.0 NOTE
r-release-macos-x86_64 2.73.0 NOTE
r-release-windows-ix86+x86_64 2.73.0 40.00 145.00 185.00 NOTE
r-oldrel-macos-x86_64 2.73.0 NOTE
r-oldrel-windows-ix86+x86_64 2.73.0 61.00 146.00 207.00 NOTE

Check Details

Version: 2.73.0
Check: installed package size
Result: NOTE
     installed size is 6.6Mb
     sub-directories of 1Mb or more:
     data 2.7Mb
     doc 1.1Mb
     libs 1.2Mb
Flavors: r-devel-linux-x86_64-fedora-clang, r-devel-windows-x86_64-new-UL, r-devel-windows-x86_64-old, r-release-macos-arm64, r-release-macos-x86_64, r-release-windows-ix86+x86_64, r-oldrel-macos-x86_64, r-oldrel-windows-ix86+x86_64