CRAN Package Check Results for Package PCADSC

Last updated on 2025-01-17 22:50:26 CET.

Flavor Version Tinstall Tcheck Ttotal Status Flags
r-devel-linux-x86_64-debian-clang 0.8.0 5.53 48.26 53.79 OK
r-devel-linux-x86_64-debian-gcc 0.8.0 3.73 34.65 38.38 OK
r-devel-linux-x86_64-fedora-clang 0.8.0 86.71 NOTE
r-devel-linux-x86_64-fedora-gcc 0.8.0 78.37 NOTE
r-devel-windows-x86_64 0.8.0 6.00 63.00 69.00 OK
r-patched-linux-x86_64 0.8.0 5.30 44.12 49.42 NOTE
r-release-linux-x86_64 0.8.0 4.71 44.15 48.86 NOTE
r-release-macos-arm64 0.8.0 26.00 NOTE
r-release-macos-x86_64 0.8.0 43.00 NOTE
r-release-windows-x86_64 0.8.0 7.00 63.00 70.00 NOTE
r-oldrel-macos-arm64 0.8.0 28.00 NOTE
r-oldrel-macos-x86_64 0.8.0 41.00 NOTE
r-oldrel-windows-x86_64 0.8.0 7.00 74.00 81.00 NOTE

Check Details

Version: 0.8.0
Check: dependencies in R code
Result: NOTE Namespaces in Imports field not imported from: ‘Matrix’ ‘pander’ All declared Imports should be used. Flavors: r-devel-linux-x86_64-fedora-clang, r-devel-linux-x86_64-fedora-gcc

Version: 0.8.0
Check: LazyData
Result: NOTE 'LazyData' is specified without a 'data' directory Flavors: r-patched-linux-x86_64, r-release-linux-x86_64, r-release-macos-arm64, r-release-macos-x86_64, r-release-windows-x86_64, r-oldrel-macos-arm64, r-oldrel-macos-x86_64, r-oldrel-windows-x86_64