CRAN Package Check Results for Package PCMBaseCpp

Last updated on 2020-11-29 03:50:37 CET.

Flavor Version Tinstall Tcheck Ttotal Status Flags
r-devel-linux-x86_64-debian-clang 0.1.9 191.64 375.98 567.62 OK
r-devel-linux-x86_64-debian-gcc 0.1.9 278.81 272.56 551.37 OK
r-devel-linux-x86_64-fedora-clang 0.1.9 666.73 NOTE
r-devel-linux-x86_64-fedora-gcc 0.1.9 697.86 OK
r-devel-windows-ix86+x86_64 0.1.9 337.00 661.00 998.00 NOTE
r-patched-linux-x86_64 0.1.9 305.45 357.59 663.04 OK
r-patched-solaris-x86 0.1.9 731.40 OK
r-release-linux-x86_64 0.1.9 312.45 358.13 670.58 OK
r-release-macos-x86_64 0.1.9 NOTE
r-release-windows-ix86+x86_64 0.1.9 253.00 529.00 782.00 NOTE
r-oldrel-macos-x86_64 0.1.9 NOTE
r-oldrel-windows-ix86+x86_64 0.1.9 333.00 555.00 888.00 NOTE

Check Details

Version: 0.1.9
Check: installed package size
Result: NOTE
     installed size is 33.0Mb
     sub-directories of 1Mb or more:
     libs 31.9Mb
Flavors: r-devel-linux-x86_64-fedora-clang, r-devel-windows-ix86+x86_64, r-release-macos-x86_64, r-release-windows-ix86+x86_64, r-oldrel-macos-x86_64, r-oldrel-windows-ix86+x86_64