CRAN Package Check Results for Package PDSCE

Last updated on 2020-02-17 19:49:23 CET.

Flavor Version Tinstall Tcheck Ttotal Status Flags
r-devel-linux-x86_64-debian-clang 1.2 2.77 19.33 22.10 NOTE
r-devel-linux-x86_64-debian-gcc 1.2 2.20 15.44 17.64 NOTE
r-devel-linux-x86_64-fedora-clang 1.2 27.85 NOTE
r-devel-linux-x86_64-fedora-gcc 1.2 27.17 NOTE
r-devel-windows-ix86+x86_64 1.2 8.00 38.00 46.00 NOTE
r-devel-windows-ix86+x86_64-gcc8 1.2 13.00 48.00 61.00 NOTE
r-patched-linux-x86_64 1.2 2.04 17.88 19.92 NOTE
r-patched-solaris-x86 1.2 39.00 NOTE
r-release-linux-x86_64 1.2 2.06 17.92 19.98 NOTE
r-release-windows-ix86+x86_64 1.2 7.00 59.00 66.00 NOTE
r-release-osx-x86_64 1.2 NOTE
r-oldrel-windows-ix86+x86_64 1.2 5.00 32.00 37.00 NOTE
r-oldrel-osx-x86_64 1.2 NOTE

Check Details

Version: 1.2
Check: DESCRIPTION meta-information
Result: NOTE
    Malformed Description field: should contain one or more complete sentences.
Flavors: r-devel-linux-x86_64-debian-clang, r-devel-linux-x86_64-debian-gcc, r-devel-linux-x86_64-fedora-clang, r-devel-linux-x86_64-fedora-gcc, r-devel-windows-ix86+x86_64, r-devel-windows-ix86+x86_64-gcc8, r-patched-linux-x86_64, r-patched-solaris-x86, r-release-linux-x86_64, r-release-windows-ix86+x86_64, r-release-osx-x86_64, r-oldrel-windows-ix86+x86_64, r-oldrel-osx-x86_64

Version: 1.2
Check: R code for possible problems
Result: NOTE
    band.chol.cv: no visible global function definition for 'cov'
    pdsoft.cv: no visible global function definition for 'cov'
    Undefined global functions or variables:
     cov
    Consider adding
     importFrom("stats", "cov")
    to your NAMESPACE file.
Flavors: r-devel-linux-x86_64-debian-clang, r-devel-linux-x86_64-debian-gcc, r-devel-linux-x86_64-fedora-clang, r-devel-linux-x86_64-fedora-gcc, r-devel-windows-ix86+x86_64, r-devel-windows-ix86+x86_64-gcc8, r-patched-linux-x86_64, r-patched-solaris-x86, r-release-linux-x86_64, r-release-windows-ix86+x86_64, r-release-osx-x86_64, r-oldrel-windows-ix86+x86_64, r-oldrel-osx-x86_64

Version: 1.2
Check: compiled code
Result: NOTE
    File ‘PDSCE/libs/PDSCE.so’:
     Found no calls to: ‘R_registerRoutines’, ‘R_useDynamicSymbols’
    
    It is good practice to register native routines and to disable symbol
    search.
    
    See ‘Writing portable packages’ in the ‘Writing R Extensions’ manual.
Flavors: r-devel-linux-x86_64-fedora-clang, r-devel-linux-x86_64-fedora-gcc