CRAN Package Check Results for Package PDSCE

Last updated on 2020-09-27 23:49:33 CEST.

Flavor Version Tinstall Tcheck Ttotal Status Flags
r-devel-linux-x86_64-debian-clang 1.2 3.20 20.40 23.60 NOTE
r-devel-linux-x86_64-debian-gcc 1.2 2.31 16.09 18.40 NOTE
r-devel-linux-x86_64-fedora-clang 1.2 40.06 NOTE
r-devel-linux-x86_64-fedora-gcc 1.2 27.84 NOTE
r-devel-windows-ix86+x86_64 1.2 8.00 40.00 48.00 NOTE
r-patched-linux-x86_64 1.2 2.62 19.75 22.37 NOTE
r-patched-solaris-x86 1.2 44.30 NOTE
r-release-linux-x86_64 1.2 2.49 19.81 22.30 NOTE
r-release-macos-x86_64 1.2 NOTE
r-release-windows-ix86+x86_64 1.2 7.00 34.00 41.00 NOTE
r-oldrel-macos-x86_64 1.2 NOTE
r-oldrel-windows-ix86+x86_64 1.2 7.00 59.00 66.00 NOTE

Check Details

Version: 1.2
Check: DESCRIPTION meta-information
Result: NOTE
    Malformed Description field: should contain one or more complete sentences.
Flavors: r-devel-linux-x86_64-debian-clang, r-devel-linux-x86_64-debian-gcc, r-devel-linux-x86_64-fedora-clang, r-devel-linux-x86_64-fedora-gcc, r-devel-windows-ix86+x86_64, r-patched-linux-x86_64, r-patched-solaris-x86, r-release-linux-x86_64, r-release-macos-x86_64, r-release-windows-ix86+x86_64, r-oldrel-macos-x86_64, r-oldrel-windows-ix86+x86_64

Version: 1.2
Check: R code for possible problems
Result: NOTE
    band.chol.cv: no visible global function definition for 'cov'
    pdsoft.cv: no visible global function definition for 'cov'
    Undefined global functions or variables:
     cov
    Consider adding
     importFrom("stats", "cov")
    to your NAMESPACE file.
Flavors: r-devel-linux-x86_64-debian-clang, r-devel-linux-x86_64-debian-gcc, r-devel-linux-x86_64-fedora-clang, r-devel-linux-x86_64-fedora-gcc, r-devel-windows-ix86+x86_64, r-patched-linux-x86_64, r-patched-solaris-x86, r-release-linux-x86_64, r-release-macos-x86_64, r-release-windows-ix86+x86_64, r-oldrel-macos-x86_64, r-oldrel-windows-ix86+x86_64

Version: 1.2
Check: compiled code
Result: NOTE
    File ‘PDSCE/libs/PDSCE.so’:
     Found no calls to: ‘R_registerRoutines’, ‘R_useDynamicSymbols’
    
    It is good practice to register native routines and to disable symbol
    search.
    
    See ‘Writing portable packages’ in the ‘Writing R Extensions’ manual.
Flavors: r-devel-linux-x86_64-fedora-clang, r-devel-linux-x86_64-fedora-gcc