CRAN Package Check Results for Package PEPBVS

Last updated on 2024-02-28 10:14:10 CET.

Flavor Version Tinstall Tcheck Ttotal Status Flags
r-devel-linux-x86_64-debian-clang 1.0 46.22 104.53 150.75 NOTE
r-devel-linux-x86_64-debian-gcc 1.0 35.55 72.86 108.41 NOTE
r-devel-linux-x86_64-fedora-clang 1.0 189.37 NOTE
r-devel-linux-x86_64-fedora-gcc 1.0 195.11 NOTE
r-devel-windows-x86_64 1.0 35.00 132.00 167.00 OK
r-patched-linux-x86_64 1.0 42.56 98.04 140.60 OK
r-release-linux-x86_64 1.0 44.32 98.76 143.08 OK
r-release-macos-arm64 1.0 61.00 OK
r-release-macos-x86_64 1.0 171.00 OK
r-release-windows-x86_64 1.0 43.00 139.00 182.00 OK
r-oldrel-macos-arm64 1.0 69.00 OK
r-oldrel-windows-x86_64 1.0 41.00 136.00 177.00 OK

Check Details

Version: 1.0
Check: Rd files
Result: NOTE checkRd: (-1) mc3_pep.Rd:53: Lost braces; missing escapes or markup? 53 | is not 2^{p} but the number of unique models `visited' by the | ^ Flavors: r-devel-linux-x86_64-debian-clang, r-devel-linux-x86_64-debian-gcc, r-devel-linux-x86_64-fedora-clang, r-devel-linux-x86_64-fedora-gcc