CRAN Package Check Results for Package PGRdup

Last updated on 2020-12-05 03:51:33 CET.

Flavor Version Tinstall Tcheck Ttotal Status Flags
r-devel-linux-x86_64-debian-clang 0.2.3.6 11.08 129.60 140.68 OK
r-devel-linux-x86_64-debian-gcc 0.2.3.6 7.56 135.11 142.67 OK
r-devel-linux-x86_64-fedora-clang 0.2.3.6 162.40 OK
r-devel-linux-x86_64-fedora-gcc 0.2.3.6 166.47 OK
r-devel-windows-ix86+x86_64 0.2.3.6 22.00 155.00 177.00 OK
r-patched-linux-x86_64 0.2.3.6 9.42 121.68 131.10 OK
r-patched-solaris-x86 0.2.3.6 116.50 WARN
r-release-linux-x86_64 0.2.3.6 9.22 120.14 129.36 OK
r-release-macos-x86_64 0.2.3.6 WARN
r-release-windows-ix86+x86_64 0.2.3.6 18.00 118.00 136.00 OK
r-oldrel-macos-x86_64 0.2.3.6 WARN
r-oldrel-windows-ix86+x86_64 0.2.3.6 19.00 158.00 177.00 OK

Check Details

Version: 0.2.3.6
Check: re-building of vignette outputs
Result: WARN
    Error(s) in re-building vignettes:
     ...
    --- re-building ‘Introduction.Rmd’ using rmarkdown_notangle
    Warning in engine$weave(file, quiet = quiet, encoding = enc) :
     Pandoc (>= 1.12.3) and/or pandoc-citeproc not available. Falling back to R Markdown v1.
    Quitting from lines 51-62 (Introduction.Rmd)
    Error: processing vignette 'Introduction.Rmd' failed with diagnostics:
    EXPR must be a length 1 vector
    --- failed re-building ‘Introduction.Rmd’
    
    SUMMARY: processing the following file failed:
     ‘Introduction.Rmd’
    
    Error: Vignette re-building failed.
    Execution halted
Flavors: r-patched-solaris-x86, r-release-macos-x86_64, r-oldrel-macos-x86_64